{"id":10733,"date":"2019-07-24T16:35:00","date_gmt":"2019-07-24T14:35:00","guid":{"rendered":"http:\/\/feuerwehr-wolnzach.de\/cms\/?post_type=einsatz&#038;p=10733"},"modified":"2019-07-24T21:12:14","modified_gmt":"2019-07-24T19:12:14","slug":"brand-freiflaeche-5","status":"publish","type":"einsatz","link":"https:\/\/feuerwehr-wolnzach.de\/cms\/einsatzberichte\/brand-freiflaeche-5\/","title":{"rendered":"Brand Freifl\u00e4che"},"content":{"rendered":"<div class=\"\" data-block=\"true\" data-editor=\"ful2o\" data-offset-key=\"g1t2-0-0\">\n<div class=\"_1mf _1mj\" style=\"text-align: justify;\" data-offset-key=\"g1t2-0-0\"><span data-offset-key=\"g1t2-0-0\">Vermutlich durch einen technischen Defekt eines Ernteger\u00e4tes wurde ein Feld in Brand gesetzt, ein \u00dcbergreifen der Flammen in den angrenzenden Wald konnte gl\u00fccklicherweise rechtzeitig verhindert werden. Gegen 18:15Uhr war der Einsatz beendet und alle eingesetzten Kr\u00e4fte konnten die Einsatzstelle wieder verlassen.<\/span><\/div>\n<\/div>\n<div class=\"\" style=\"text-align: justify;\" data-block=\"true\" data-editor=\"ful2o\" data-offset-key=\"a7cnr-0-0\">\n<div class=\"_1mf _1mj\" data-offset-key=\"a7cnr-0-0\"><span data-offset-key=\"a7cnr-0-0\">&nbsp;<\/span><\/div>\n<\/div>\n<div class=\"\" style=\"text-align: justify;\" data-block=\"true\" data-editor=\"ful2o\" data-offset-key=\"bbhmm-0-0\">\n<div class=\"_1mf _1mj\" data-offset-key=\"bbhmm-0-0\"><span data-offset-key=\"bbhmm-0-0\">Unter folgendem Link befindet sich ein Bericht vom THW-Pfaffenhofen, die mit einem Multikopter zur Luftaufkl\u00e4rung vor Ort waren:<\/span><\/div>\n<\/div>\n<div class=\"\" data-block=\"true\" data-editor=\"ful2o\" data-offset-key=\"fot3i-0-0\">\n<div class=\"_1mf _1mj\" style=\"text-align: justify;\" data-offset-key=\"fot3i-0-0\"><a href=\"https:\/\/www.facebook.com\/200819089946123\/posts\/2865675673460438?s=1435422836&amp;sfns=mo\" target=\"_blank\" rel=\"noopener noreferrer\"><span data-offset-key=\"fot3i-0-0\">https:\/\/www.facebook.com\/200819089946123\/posts\/2865675673460438?s=1435422836&amp;sfns=mo<\/span><\/a><\/div>\n<\/div>\nngg_shortcode_0_placeholder\n","protected":false},"author":4,"featured_media":10748,"template":"","meta":{"ngg_post_thumbnail":0,"einsatz_weight":1,"footnotes":""},"categories":[31],"tags":[],"einsatzart":[16],"fahrzeug":[86,7,5,2,3],"exteinsatzmittel":[51,53,52,79,42,110,69,72,112],"alarmierungsart":[],"evw_unit":[],"class_list":["post-10733","einsatz","type-einsatz","status-publish","has-post-thumbnail","hentry","category-einsaetze","einsatzart-brand","fahrzeug-wolnzach-101","fahrzeug-wolnzach-111","fahrzeug-wolnzach-351","fahrzeug-wolnzach-401","fahrzeug-wolnzach-402","exteinsatzmittel-ff-burgstall","exteinsatzmittel-ff-fahlenbach","exteinsatzmittel-ff-geisenfeld","exteinsatzmittel-ff-gosseltshausen","exteinsatzmittel-ff-rohrbach","exteinsatzmittel-kreisbrandinspektion","exteinsatzmittel-rtw","exteinsatzmittel-thw-pfaffenhofen","exteinsatzmittel-ug-oeel"],"jetpack_sharing_enabled":true,"_links":{"self":[{"href":"https:\/\/feuerwehr-wolnzach.de\/cms\/wp-json\/wp\/v2\/einsatz\/10733","targetHints":{"allow":["GET"]}}],"collection":[{"href":"https:\/\/feuerwehr-wolnzach.de\/cms\/wp-json\/wp\/v2\/einsatz"}],"about":[{"href":"https:\/\/feuerwehr-wolnzach.de\/cms\/wp-json\/wp\/v2\/types\/einsatz"}],"author":[{"embeddable":true,"href":"https:\/\/feuerwehr-wolnzach.de\/cms\/wp-json\/wp\/v2\/users\/4"}],"version-history":[{"count":4,"href":"https:\/\/feuerwehr-wolnzach.de\/cms\/wp-json\/wp\/v2\/einsatz\/10733\/revisions"}],"predecessor-version":[{"id":10747,"href":"https:\/\/feuerwehr-wolnzach.de\/cms\/wp-json\/wp\/v2\/einsatz\/10733\/revisions\/10747"}],"wp:featuredmedia":[{"embeddable":true,"href":"https:\/\/feuerwehr-wolnzach.de\/cms\/wp-json\/wp\/v2\/media\/10748"}],"wp:attachment":[{"href":"https:\/\/feuerwehr-wolnzach.de\/cms\/wp-json\/wp\/v2\/media?parent=10733"}],"wp:term":[{"taxonomy":"category","embeddable":true,"href":"https:\/\/feuerwehr-wolnzach.de\/cms\/wp-json\/wp\/v2\/categories?post=10733"},{"taxonomy":"post_tag","embeddable":true,"href":"https:\/\/feuerwehr-wolnzach.de\/cms\/wp-json\/wp\/v2\/tags?post=10733"},{"taxonomy":"einsatzart","embeddable":true,"href":"https:\/\/feuerwehr-wolnzach.de\/cms\/wp-json\/wp\/v2\/einsatzart?post=10733"},{"taxonomy":"fahrzeug","embeddable":true,"href":"https:\/\/feuerwehr-wolnzach.de\/cms\/wp-json\/wp\/v2\/fahrzeug?post=10733"},{"taxonomy":"exteinsatzmittel","embeddable":true,"href":"https:\/\/feuerwehr-wolnzach.de\/cms\/wp-json\/wp\/v2\/exteinsatzmittel?post=10733"},{"taxonomy":"alarmierungsart","embeddable":true,"href":"https:\/\/feuerwehr-wolnzach.de\/cms\/wp-json\/wp\/v2\/alarmierungsart?post=10733"},{"taxonomy":"evw_unit","embeddable":true,"href":"https:\/\/feuerwehr-wolnzach.de\/cms\/wp-json\/wp\/v2\/evw_unit?post=10733"}],"curies":[{"name":"wp","href":"https:\/\/api.w.org\/{rel}","templated":true}]}}

Brand Freifläche

<div class="" data-block="true" data-editor="ful2o" data-offset-key="g1t2-0-0">
<div class="_1mf _1mj" style="text-align: justify;" data-offset-key="g1t2-0-0"><span data-offset-key="g1t2-0-0">Vermutlich durch einen technischen Defekt eines Erntegerätes wurde ein Feld in Brand gesetzt, ein Übergreifen der Flammen in den angrenzenden Wald konnte glücklicherweise rechtzeitig verhindert werden. Gegen 18:15Uhr war der Einsatz beendet und alle eingesetzten Kräfte konnten die Einsatzstelle wieder verlassen.</span></div>
</div>
<div class="" style="text-align: justify;" data-block="true" data-editor="ful2o" data-offset-key="a7cnr-0-0">
<div class="_1mf _1mj" data-offset-key="a7cnr-0-0"><span data-offset-key="a7cnr-0-0">&nbsp;</span></div>
</div>
<div class="" style="text-align: justify;" data-block="true" data-editor="ful2o" data-offset-key="bbhmm-0-0">
<div class="_1mf _1mj" data-offset-key="bbhmm-0-0"><span data-offset-key="bbhmm-0-0">Unter folgendem Link befindet sich ein Bericht vom THW-Pfaffenhofen, die mit einem Multikopter zur Luftaufklärung vor Ort waren:</span></div>
</div>
<div class="" data-block="true" data-editor="ful2o" data-offset-key="fot3i-0-0">
<div class="_1mf _1mj" style="text-align: justify;" data-offset-key="fot3i-0-0"><a href="https://www.facebook.com/200819089946123/posts/2865675673460438?s=1435422836&amp;sfns=mo" target="_blank" rel="noopener noreferrer"><span data-offset-key="fot3i-0-0">https://www.facebook.com/200819089946123/posts/2865675673460438?s=1435422836&amp;sfns=mo</span></a></div>
</div>
ngg_shortcode_0_placeholder
