{"id":1700,"date":"2013-09-12T16:16:00","date_gmt":"2013-09-12T14:16:00","guid":{"rendered":"http:\/\/feuerwehr-wolnzach.de\/cms\/einsatzberichte\/thl-vu-mit-lkw-2\/"},"modified":"2018-01-31T18:12:22","modified_gmt":"2018-01-31T17:12:22","slug":"thl-vu-mit-lkw-2","status":"publish","type":"einsatz","link":"https:\/\/feuerwehr-wolnzach.de\/cms\/einsatzberichte\/thl-vu-mit-lkw-2\/","title":{"rendered":"THL &#8211; VU mit LKW"},"content":{"rendered":"<p>Am Donnerstag musste die Feuerwehr Wolnzach zu insgesamt drei Eins\u00e4tzen ausr\u00fccken. Zun\u00e4chst musste am Vormittag gegen 10:00 Uhr eine Wohnung in der Hopfenstrasse wegen einer Notlage ge\u00f6ffnet werden. Um ein Uhr Nachmittags mussten dann auf der A93 Richtung Regensburg nach einem Verkehrsunfall auslaufende Betriebsstoffe gebunden werden.<br \/>\nDer gr\u00f6\u00dfte Einsatz ereignete sich sp\u00e4ter aber gegen viertel nach vier Uhr auf der A9 Richtung N\u00fcrnberg. Kurz nach der Rastst\u00e4tte Holledau fuhr ein mit Heiz\u00f6l beladener LKW auf einen vorausfahrenden Laster auf. Der Fahrer wurde dabei eingeklemmt und musste von der Wolnzacher und Geisenhausener Feuerwehr mit schwerem Ger\u00e4t befreit werden. Der erste Verdacht, wonach Gefahrgut auslaufen w\u00fcrde, best\u00e4tigte sich zum Gl\u00fcck nicht. Die deshalb ebenfalls alarmierten Feuerwehren aus Pfaffenhofen und Rohrbach brauchten nicht mehr einzugreifen. Die Fahrer und Beifahrer des LKW wurden schwer verletzt ins Krankenhaus gebracht.<\/p>\n","protected":false},"author":2,"featured_media":0,"template":"","meta":{"ngg_post_thumbnail":0,"einsatz_weight":1,"footnotes":""},"categories":[31],"tags":[],"einsatzart":[14],"fahrzeug":[],"exteinsatzmittel":[],"alarmierungsart":[],"evw_unit":[],"class_list":["post-1700","einsatz","type-einsatz","status-publish","hentry","category-einsaetze","einsatzart-thl"],"jetpack_sharing_enabled":true,"_links":{"self":[{"href":"https:\/\/feuerwehr-wolnzach.de\/cms\/wp-json\/wp\/v2\/einsatz\/1700","targetHints":{"allow":["GET"]}}],"collection":[{"href":"https:\/\/feuerwehr-wolnzach.de\/cms\/wp-json\/wp\/v2\/einsatz"}],"about":[{"href":"https:\/\/feuerwehr-wolnzach.de\/cms\/wp-json\/wp\/v2\/types\/einsatz"}],"author":[{"embeddable":true,"href":"https:\/\/feuerwehr-wolnzach.de\/cms\/wp-json\/wp\/v2\/users\/2"}],"version-history":[{"count":2,"href":"https:\/\/feuerwehr-wolnzach.de\/cms\/wp-json\/wp\/v2\/einsatz\/1700\/revisions"}],"predecessor-version":[{"id":8546,"href":"https:\/\/feuerwehr-wolnzach.de\/cms\/wp-json\/wp\/v2\/einsatz\/1700\/revisions\/8546"}],"wp:attachment":[{"href":"https:\/\/feuerwehr-wolnzach.de\/cms\/wp-json\/wp\/v2\/media?parent=1700"}],"wp:term":[{"taxonomy":"category","embeddable":true,"href":"https:\/\/feuerwehr-wolnzach.de\/cms\/wp-json\/wp\/v2\/categories?post=1700"},{"taxonomy":"post_tag","embeddable":true,"href":"https:\/\/feuerwehr-wolnzach.de\/cms\/wp-json\/wp\/v2\/tags?post=1700"},{"taxonomy":"einsatzart","embeddable":true,"href":"https:\/\/feuerwehr-wolnzach.de\/cms\/wp-json\/wp\/v2\/einsatzart?post=1700"},{"taxonomy":"fahrzeug","embeddable":true,"href":"https:\/\/feuerwehr-wolnzach.de\/cms\/wp-json\/wp\/v2\/fahrzeug?post=1700"},{"taxonomy":"exteinsatzmittel","embeddable":true,"href":"https:\/\/feuerwehr-wolnzach.de\/cms\/wp-json\/wp\/v2\/exteinsatzmittel?post=1700"},{"taxonomy":"alarmierungsart","embeddable":true,"href":"https:\/\/feuerwehr-wolnzach.de\/cms\/wp-json\/wp\/v2\/alarmierungsart?post=1700"},{"taxonomy":"evw_unit","embeddable":true,"href":"https:\/\/feuerwehr-wolnzach.de\/cms\/wp-json\/wp\/v2\/evw_unit?post=1700"}],"curies":[{"name":"wp","href":"https:\/\/api.w.org\/{rel}","templated":true}]}}

<p>Am Donnerstag musste die Feuerwehr Wolnzach zu insgesamt drei Einsätzen ausrücken. Zunächst musste am Vormittag gegen 10:00 Uhr eine Wohnung in der Hopfenstrasse wegen einer Notlage geöffnet werden. Um ein Uhr Nachmittags mussten dann auf der A93 Richtung Regensburg nach einem Verkehrsunfall auslaufende Betriebsstoffe gebunden werden.<br />
Der größte Einsatz ereignete sich später aber gegen viertel nach vier Uhr auf der A9 Richtung Nürnberg. Kurz nach der Raststätte Holledau fuhr ein mit Heizöl beladener LKW auf einen vorausfahrenden Laster auf. Der Fahrer wurde dabei eingeklemmt und musste von der Wolnzacher und Geisenhausener Feuerwehr mit schwerem Gerät befreit werden. Der erste Verdacht, wonach Gefahrgut auslaufen würde, bestätigte sich zum Glück nicht. Die deshalb ebenfalls alarmierten Feuerwehren aus Pfaffenhofen und Rohrbach brauchten nicht mehr einzugreifen. Die Fahrer und Beifahrer des LKW wurden schwer verletzt ins Krankenhaus gebracht.</p>
