{"id":535,"date":"2011-04-10T10:34:00","date_gmt":"2011-04-10T08:34:00","guid":{"rendered":"http:\/\/feuerwehr-wolnzach.de\/cms\/einsatzberichte\/brand-gartenhaus\/"},"modified":"2017-07-26T09:59:26","modified_gmt":"2017-07-26T07:59:26","slug":"brand-gartenhaus","status":"publish","type":"einsatz","link":"https:\/\/feuerwehr-wolnzach.de\/cms\/einsatzberichte\/brand-gartenhaus\/","title":{"rendered":"Brand &#8211; Gartenhaus"},"content":{"rendered":"<p>WOLNZACH- Aus bislang ungekl\u00e4rter Ursache brannte am Sonntag, den 10.04.11 um kurz nach halb zehn in Wolnzach am Stieglberg ein Gartenhaus. Beim Eintreffen der Wolnzacher Feuerwehr stand das ca. 3 x 4 Meter gro\u00dfe Geb\u00e4ude im Vollbrand. Die Feuerwehr verhinderte ein \u00dcbergreifen auf andere Geb\u00e4ude und l\u00f6schte den Brand mit einem C-Rohr unter Atemschutz ab. Personen wurden beim Brand nicht verletzt.<\/p>\nngg_shortcode_0_placeholder\n","protected":false},"author":2,"featured_media":0,"template":"","meta":{"ngg_post_thumbnail":0,"einsatz_weight":1,"footnotes":""},"categories":[31],"tags":[],"einsatzart":[16],"fahrzeug":[],"exteinsatzmittel":[],"alarmierungsart":[],"evw_unit":[],"class_list":["post-535","einsatz","type-einsatz","status-publish","hentry","category-einsaetze","einsatzart-brand"],"jetpack_sharing_enabled":true,"_links":{"self":[{"href":"https:\/\/feuerwehr-wolnzach.de\/cms\/wp-json\/wp\/v2\/einsatz\/535","targetHints":{"allow":["GET"]}}],"collection":[{"href":"https:\/\/feuerwehr-wolnzach.de\/cms\/wp-json\/wp\/v2\/einsatz"}],"about":[{"href":"https:\/\/feuerwehr-wolnzach.de\/cms\/wp-json\/wp\/v2\/types\/einsatz"}],"author":[{"embeddable":true,"href":"https:\/\/feuerwehr-wolnzach.de\/cms\/wp-json\/wp\/v2\/users\/2"}],"version-history":[{"count":4,"href":"https:\/\/feuerwehr-wolnzach.de\/cms\/wp-json\/wp\/v2\/einsatz\/535\/revisions"}],"predecessor-version":[{"id":2445,"href":"https:\/\/feuerwehr-wolnzach.de\/cms\/wp-json\/wp\/v2\/einsatz\/535\/revisions\/2445"}],"wp:attachment":[{"href":"https:\/\/feuerwehr-wolnzach.de\/cms\/wp-json\/wp\/v2\/media?parent=535"}],"wp:term":[{"taxonomy":"category","embeddable":true,"href":"https:\/\/feuerwehr-wolnzach.de\/cms\/wp-json\/wp\/v2\/categories?post=535"},{"taxonomy":"post_tag","embeddable":true,"href":"https:\/\/feuerwehr-wolnzach.de\/cms\/wp-json\/wp\/v2\/tags?post=535"},{"taxonomy":"einsatzart","embeddable":true,"href":"https:\/\/feuerwehr-wolnzach.de\/cms\/wp-json\/wp\/v2\/einsatzart?post=535"},{"taxonomy":"fahrzeug","embeddable":true,"href":"https:\/\/feuerwehr-wolnzach.de\/cms\/wp-json\/wp\/v2\/fahrzeug?post=535"},{"taxonomy":"exteinsatzmittel","embeddable":true,"href":"https:\/\/feuerwehr-wolnzach.de\/cms\/wp-json\/wp\/v2\/exteinsatzmittel?post=535"},{"taxonomy":"alarmierungsart","embeddable":true,"href":"https:\/\/feuerwehr-wolnzach.de\/cms\/wp-json\/wp\/v2\/alarmierungsart?post=535"},{"taxonomy":"evw_unit","embeddable":true,"href":"https:\/\/feuerwehr-wolnzach.de\/cms\/wp-json\/wp\/v2\/evw_unit?post=535"}],"curies":[{"name":"wp","href":"https:\/\/api.w.org\/{rel}","templated":true}]}}

<p>WOLNZACH- Aus bislang ungeklärter Ursache brannte am Sonntag, den 10.04.11 um kurz nach halb zehn in Wolnzach am Stieglberg ein Gartenhaus. Beim Eintreffen der Wolnzacher Feuerwehr stand das ca. 3 x 4 Meter große Gebäude im Vollbrand. Die Feuerwehr verhinderte ein Übergreifen auf andere Gebäude und löschte den Brand mit einem C-Rohr unter Atemschutz ab. Personen wurden beim Brand nicht verletzt.</p>
ngg_shortcode_0_placeholder
