{"id":550,"date":"2011-03-04T15:36:00","date_gmt":"2011-03-04T14:36:00","guid":{"rendered":"http:\/\/feuerwehr-wolnzach.de\/cms\/einsatzberichte\/brand-pkw-5\/"},"modified":"2017-07-26T09:58:13","modified_gmt":"2017-07-26T07:58:13","slug":"brand-pkw-5","status":"publish","type":"einsatz","link":"https:\/\/feuerwehr-wolnzach.de\/cms\/einsatzberichte\/brand-pkw-5\/","title":{"rendered":"Brand &#8211; PKW"},"content":{"rendered":"<p>Wolnzach &#8211; Ein 44-j\u00e4hriger Pkw-Fahrer aus dem Landkreis Miltenberg hatte auf der BAB A 9 einen Auffahrunfall und die beiden Beteiligten verlie\u00dfen deshalb die Autobahn um an einer Tankstelle in Wolnzach die Personalien auszutauschen.<br \/>\nW\u00e4hrend des Austausches bemerkte der Pkw-Lenker, dass Rauch aus dem Motorraum seines Pkw drang und wollte die Motorhaube \u00f6ffnen. Dies war jedoch nicht mehr m\u00f6glich.<br \/>\nMit einem Pulverl\u00f6scher der Tankstelle und durch die verst\u00e4ndigte Feuerwehr Wolnzach konnte der Brand schnell gel\u00f6scht werden.<br \/>\nIm Motorraum entstand ein Sachschaden in H\u00f6he von ca. 5.000 Euro. Verletzt wurde niemand.<br \/>\nBrandursache d\u00fcrfte vermutlich ein technischer Defekt gewesen sein. Der Pkw wurde anschlie\u00dfend abgeschleppt.<\/p>\n<p>(Quelle: Polizeibericht)<\/p>\nngg_shortcode_0_placeholder\n","protected":false},"author":2,"featured_media":0,"template":"","meta":{"ngg_post_thumbnail":0,"einsatz_weight":1,"footnotes":""},"categories":[31],"tags":[],"einsatzart":[16],"fahrzeug":[],"exteinsatzmittel":[],"alarmierungsart":[],"evw_unit":[],"class_list":["post-550","einsatz","type-einsatz","status-publish","hentry","category-einsaetze","einsatzart-brand"],"jetpack_sharing_enabled":true,"_links":{"self":[{"href":"https:\/\/feuerwehr-wolnzach.de\/cms\/wp-json\/wp\/v2\/einsatz\/550","targetHints":{"allow":["GET"]}}],"collection":[{"href":"https:\/\/feuerwehr-wolnzach.de\/cms\/wp-json\/wp\/v2\/einsatz"}],"about":[{"href":"https:\/\/feuerwehr-wolnzach.de\/cms\/wp-json\/wp\/v2\/types\/einsatz"}],"author":[{"embeddable":true,"href":"https:\/\/feuerwehr-wolnzach.de\/cms\/wp-json\/wp\/v2\/users\/2"}],"version-history":[{"count":3,"href":"https:\/\/feuerwehr-wolnzach.de\/cms\/wp-json\/wp\/v2\/einsatz\/550\/revisions"}],"predecessor-version":[{"id":2442,"href":"https:\/\/feuerwehr-wolnzach.de\/cms\/wp-json\/wp\/v2\/einsatz\/550\/revisions\/2442"}],"wp:attachment":[{"href":"https:\/\/feuerwehr-wolnzach.de\/cms\/wp-json\/wp\/v2\/media?parent=550"}],"wp:term":[{"taxonomy":"category","embeddable":true,"href":"https:\/\/feuerwehr-wolnzach.de\/cms\/wp-json\/wp\/v2\/categories?post=550"},{"taxonomy":"post_tag","embeddable":true,"href":"https:\/\/feuerwehr-wolnzach.de\/cms\/wp-json\/wp\/v2\/tags?post=550"},{"taxonomy":"einsatzart","embeddable":true,"href":"https:\/\/feuerwehr-wolnzach.de\/cms\/wp-json\/wp\/v2\/einsatzart?post=550"},{"taxonomy":"fahrzeug","embeddable":true,"href":"https:\/\/feuerwehr-wolnzach.de\/cms\/wp-json\/wp\/v2\/fahrzeug?post=550"},{"taxonomy":"exteinsatzmittel","embeddable":true,"href":"https:\/\/feuerwehr-wolnzach.de\/cms\/wp-json\/wp\/v2\/exteinsatzmittel?post=550"},{"taxonomy":"alarmierungsart","embeddable":true,"href":"https:\/\/feuerwehr-wolnzach.de\/cms\/wp-json\/wp\/v2\/alarmierungsart?post=550"},{"taxonomy":"evw_unit","embeddable":true,"href":"https:\/\/feuerwehr-wolnzach.de\/cms\/wp-json\/wp\/v2\/evw_unit?post=550"}],"curies":[{"name":"wp","href":"https:\/\/api.w.org\/{rel}","templated":true}]}}

<p>Wolnzach &#8211; Ein 44-jähriger Pkw-Fahrer aus dem Landkreis Miltenberg hatte auf der BAB A 9 einen Auffahrunfall und die beiden Beteiligten verließen deshalb die Autobahn um an einer Tankstelle in Wolnzach die Personalien auszutauschen.<br />
Während des Austausches bemerkte der Pkw-Lenker, dass Rauch aus dem Motorraum seines Pkw drang und wollte die Motorhaube öffnen. Dies war jedoch nicht mehr möglich.<br />
Mit einem Pulverlöscher der Tankstelle und durch die verständigte Feuerwehr Wolnzach konnte der Brand schnell gelöscht werden.<br />
Im Motorraum entstand ein Sachschaden in Höhe von ca. 5.000 Euro. Verletzt wurde niemand.<br />
Brandursache dürfte vermutlich ein technischer Defekt gewesen sein. Der Pkw wurde anschließend abgeschleppt.</p>
<p>(Quelle: Polizeibericht)</p>
ngg_shortcode_0_placeholder
