{"id":551,"date":"2011-03-03T16:52:00","date_gmt":"2011-03-03T15:52:00","guid":{"rendered":"http:\/\/feuerwehr-wolnzach.de\/cms\/einsatzberichte\/thl-auslaufende-betriebsstoffe-2\/"},"modified":"2017-07-26T09:57:44","modified_gmt":"2017-07-26T07:57:44","slug":"thl-auslaufende-betriebsstoffe-2","status":"publish","type":"einsatz","link":"https:\/\/feuerwehr-wolnzach.de\/cms\/einsatzberichte\/thl-auslaufende-betriebsstoffe-2\/","title":{"rendered":"THL &#8211; Auslaufende Betriebsstoffe"},"content":{"rendered":"<p>WOLNZACH &#8211; Am Donnerstag verlor ein unbekannter LKW auf der BAB A9 in Richtung M\u00fcnchen einen Unterlegkeil. Ein nachfolgender PKW Audi konnte dem Keil nicht mehr rechtzeitig ausweichen. Der Keil verklemmte sich zwischen der Stra\u00dfe und dem PKW. Dadurch wurde die \u00d6lwanne aufgerissen und das Motor\u00f6l verteilte sich auf der Fahrbahn. Die FF Wolnzach war mit drei Fahrzeugen sowie dem VSA vor Ort. Sie band die auslaufenden Betriebsstoffe und regelte den Verkehr.<\/p>\nngg_shortcode_0_placeholder\n","protected":false},"author":2,"featured_media":0,"template":"","meta":{"ngg_post_thumbnail":0,"einsatz_weight":1,"footnotes":""},"categories":[31],"tags":[],"einsatzart":[14],"fahrzeug":[],"exteinsatzmittel":[],"alarmierungsart":[],"evw_unit":[],"class_list":["post-551","einsatz","type-einsatz","status-publish","hentry","category-einsaetze","einsatzart-thl"],"jetpack_sharing_enabled":true,"_links":{"self":[{"href":"https:\/\/feuerwehr-wolnzach.de\/cms\/wp-json\/wp\/v2\/einsatz\/551","targetHints":{"allow":["GET"]}}],"collection":[{"href":"https:\/\/feuerwehr-wolnzach.de\/cms\/wp-json\/wp\/v2\/einsatz"}],"about":[{"href":"https:\/\/feuerwehr-wolnzach.de\/cms\/wp-json\/wp\/v2\/types\/einsatz"}],"author":[{"embeddable":true,"href":"https:\/\/feuerwehr-wolnzach.de\/cms\/wp-json\/wp\/v2\/users\/2"}],"version-history":[{"count":2,"href":"https:\/\/feuerwehr-wolnzach.de\/cms\/wp-json\/wp\/v2\/einsatz\/551\/revisions"}],"predecessor-version":[{"id":2441,"href":"https:\/\/feuerwehr-wolnzach.de\/cms\/wp-json\/wp\/v2\/einsatz\/551\/revisions\/2441"}],"wp:attachment":[{"href":"https:\/\/feuerwehr-wolnzach.de\/cms\/wp-json\/wp\/v2\/media?parent=551"}],"wp:term":[{"taxonomy":"category","embeddable":true,"href":"https:\/\/feuerwehr-wolnzach.de\/cms\/wp-json\/wp\/v2\/categories?post=551"},{"taxonomy":"post_tag","embeddable":true,"href":"https:\/\/feuerwehr-wolnzach.de\/cms\/wp-json\/wp\/v2\/tags?post=551"},{"taxonomy":"einsatzart","embeddable":true,"href":"https:\/\/feuerwehr-wolnzach.de\/cms\/wp-json\/wp\/v2\/einsatzart?post=551"},{"taxonomy":"fahrzeug","embeddable":true,"href":"https:\/\/feuerwehr-wolnzach.de\/cms\/wp-json\/wp\/v2\/fahrzeug?post=551"},{"taxonomy":"exteinsatzmittel","embeddable":true,"href":"https:\/\/feuerwehr-wolnzach.de\/cms\/wp-json\/wp\/v2\/exteinsatzmittel?post=551"},{"taxonomy":"alarmierungsart","embeddable":true,"href":"https:\/\/feuerwehr-wolnzach.de\/cms\/wp-json\/wp\/v2\/alarmierungsart?post=551"},{"taxonomy":"evw_unit","embeddable":true,"href":"https:\/\/feuerwehr-wolnzach.de\/cms\/wp-json\/wp\/v2\/evw_unit?post=551"}],"curies":[{"name":"wp","href":"https:\/\/api.w.org\/{rel}","templated":true}]}}

<p>WOLNZACH &#8211; Am Donnerstag verlor ein unbekannter LKW auf der BAB A9 in Richtung München einen Unterlegkeil. Ein nachfolgender PKW Audi konnte dem Keil nicht mehr rechtzeitig ausweichen. Der Keil verklemmte sich zwischen der Straße und dem PKW. Dadurch wurde die Ölwanne aufgerissen und das Motoröl verteilte sich auf der Fahrbahn. Die FF Wolnzach war mit drei Fahrzeugen sowie dem VSA vor Ort. Sie band die auslaufenden Betriebsstoffe und regelte den Verkehr.</p>
ngg_shortcode_0_placeholder
