{"id":565,"date":"2011-02-03T19:27:00","date_gmt":"2011-02-03T18:27:00","guid":{"rendered":"http:\/\/feuerwehr-wolnzach.de\/cms\/einsatzberichte\/thl-vu-pkw-ueberschlagen-2\/"},"modified":"2017-07-26T09:56:17","modified_gmt":"2017-07-26T07:56:17","slug":"thl-vu-pkw-ueberschlagen-2","status":"publish","type":"einsatz","link":"https:\/\/feuerwehr-wolnzach.de\/cms\/einsatzberichte\/thl-vu-pkw-ueberschlagen-2\/","title":{"rendered":"THL &#8211; VU, PKW \u00fcberschlagen"},"content":{"rendered":"<p>WOLNZACH &#8211; Am Donnerstag Abend kam ein 22-j\u00e4hriger aus dem Kreis Wunsiedel auf der A 93 mit seinem Pkw ins Schleudern. Der junge Mann befuhr mit seinem Audi die Autobahn zwischen der Anschlussstelle Wolnzach und dem Dreieck Holledau. Aus Unachtsamkeit kam er zu weit nach links in den Gr\u00fcnstreifen an der Mittelleitplanke. Beim ruckartigen Gegenlenken schaukelte sich der Pkw auf, schleuderte nach rechts von der Fahrbahn und \u00fcberschlug sich im angrenzenden Gr\u00fcnstreifen, ehe er auf dem Dach zum Liegen kam. Der 22-j\u00e4hrige konnte seinen Pkw gl\u00fccklicherweise unverletzt verlassen. Am Audi A3 entstand jedoch Totalschaden von ca. 3000.- Euro. Der Pkw musste geborgen und abgeschleppt werden. Die Feuerwehr Wolnzach war vor Ort, sperrte den rechten Fahrstreifen und leuchtete die Unfallstelle aus. (Quelle: Polizeibericht)<\/p>\nngg_shortcode_0_placeholder\n","protected":false},"author":2,"featured_media":0,"template":"","meta":{"ngg_post_thumbnail":0,"einsatz_weight":1,"footnotes":""},"categories":[31],"tags":[],"einsatzart":[14],"fahrzeug":[],"exteinsatzmittel":[],"alarmierungsart":[],"evw_unit":[],"class_list":["post-565","einsatz","type-einsatz","status-publish","hentry","category-einsaetze","einsatzart-thl"],"jetpack_sharing_enabled":true,"_links":{"self":[{"href":"https:\/\/feuerwehr-wolnzach.de\/cms\/wp-json\/wp\/v2\/einsatz\/565","targetHints":{"allow":["GET"]}}],"collection":[{"href":"https:\/\/feuerwehr-wolnzach.de\/cms\/wp-json\/wp\/v2\/einsatz"}],"about":[{"href":"https:\/\/feuerwehr-wolnzach.de\/cms\/wp-json\/wp\/v2\/types\/einsatz"}],"author":[{"embeddable":true,"href":"https:\/\/feuerwehr-wolnzach.de\/cms\/wp-json\/wp\/v2\/users\/2"}],"version-history":[{"count":3,"href":"https:\/\/feuerwehr-wolnzach.de\/cms\/wp-json\/wp\/v2\/einsatz\/565\/revisions"}],"predecessor-version":[{"id":2440,"href":"https:\/\/feuerwehr-wolnzach.de\/cms\/wp-json\/wp\/v2\/einsatz\/565\/revisions\/2440"}],"wp:attachment":[{"href":"https:\/\/feuerwehr-wolnzach.de\/cms\/wp-json\/wp\/v2\/media?parent=565"}],"wp:term":[{"taxonomy":"category","embeddable":true,"href":"https:\/\/feuerwehr-wolnzach.de\/cms\/wp-json\/wp\/v2\/categories?post=565"},{"taxonomy":"post_tag","embeddable":true,"href":"https:\/\/feuerwehr-wolnzach.de\/cms\/wp-json\/wp\/v2\/tags?post=565"},{"taxonomy":"einsatzart","embeddable":true,"href":"https:\/\/feuerwehr-wolnzach.de\/cms\/wp-json\/wp\/v2\/einsatzart?post=565"},{"taxonomy":"fahrzeug","embeddable":true,"href":"https:\/\/feuerwehr-wolnzach.de\/cms\/wp-json\/wp\/v2\/fahrzeug?post=565"},{"taxonomy":"exteinsatzmittel","embeddable":true,"href":"https:\/\/feuerwehr-wolnzach.de\/cms\/wp-json\/wp\/v2\/exteinsatzmittel?post=565"},{"taxonomy":"alarmierungsart","embeddable":true,"href":"https:\/\/feuerwehr-wolnzach.de\/cms\/wp-json\/wp\/v2\/alarmierungsart?post=565"},{"taxonomy":"evw_unit","embeddable":true,"href":"https:\/\/feuerwehr-wolnzach.de\/cms\/wp-json\/wp\/v2\/evw_unit?post=565"}],"curies":[{"name":"wp","href":"https:\/\/api.w.org\/{rel}","templated":true}]}}

THL &#8211; VU, PKW überschlagen

<p>WOLNZACH &#8211; Am Donnerstag Abend kam ein 22-jähriger aus dem Kreis Wunsiedel auf der A 93 mit seinem Pkw ins Schleudern. Der junge Mann befuhr mit seinem Audi die Autobahn zwischen der Anschlussstelle Wolnzach und dem Dreieck Holledau. Aus Unachtsamkeit kam er zu weit nach links in den Grünstreifen an der Mittelleitplanke. Beim ruckartigen Gegenlenken schaukelte sich der Pkw auf, schleuderte nach rechts von der Fahrbahn und überschlug sich im angrenzenden Grünstreifen, ehe er auf dem Dach zum Liegen kam. Der 22-jährige konnte seinen Pkw glücklicherweise unverletzt verlassen. Am Audi A3 entstand jedoch Totalschaden von ca. 3000.- Euro. Der Pkw musste geborgen und abgeschleppt werden. Die Feuerwehr Wolnzach war vor Ort, sperrte den rechten Fahrstreifen und leuchtete die Unfallstelle aus. (Quelle: Polizeibericht)</p>
ngg_shortcode_0_placeholder
