{"id":12082,"date":"2021-03-26T08:01:43","date_gmt":"2021-03-26T07:01:43","guid":{"rendered":"https:\/\/feuerwehr-wolnzach.de\/cms\/?page_id=12082"},"modified":"2021-03-26T08:19:24","modified_gmt":"2021-03-26T07:19:24","slug":"brandschutz-erziehung","status":"publish","type":"page","link":"https:\/\/feuerwehr-wolnzach.de\/cms\/feuerwehr\/brandschutz-erziehung\/","title":{"rendered":"Brandschutzerziehung in Corona-Zeiten"},"content":{"rendered":"<p>26.03.2021 &#8211; Unsere Kameradin Julia Mirlach ist schon seit schon seit einigen Jahren f\u00fcr die Brandschutzerziehung der Kinder in Wolnzach zust\u00e4ndig und erledigt diese Aufgabe mit viel Begeisterung und Freude. Jedes Jahr besucht sie am Jahresanfang die Klassen der 3. Jahrgangsstufe. Dort h\u00e4lt unsere Kameradin einen 2-st\u00fcndigen Unterricht rund um das Thema Feuer ab, der mit einer Brandschutzerziehungspr\u00fcfung endet. Ein paar Tage sp\u00e4ter besuchen die Kinder dann auch das Feuerwehrger\u00e4tehaus, um das erlernte nochmals zu vertiefen und die Freiwillige Feuerwehr Wolnzach kennen zu lernen.<\/p>\n<p>Bedingt durch den Lockdown konnte dieser Ablauf in diesem Jahr nat\u00fcrlich nicht in gewohnter Weise stattfinden. Also musste eine L\u00f6sung her. So wurde gemeinsam mit Kommandant Georg Mirlach und unserem (halb)professionellen Kameramann und Kamerad Reinhard Muhr die Idee geboren, einen Lehrfilm f\u00fcr die Kinder zu drehen.<\/p>\n<p>Damit dieser Film f\u00fcr die Kinder etwas lebendiger wurde, konnte der Cousin von Julia Mirlach, Xaver Brandl, zum Mitmachen gewonnen werden. Dieser besucht aktuell eine 3. Klasse unserer Grundschule. So trafen sich Julia, Xaver und Reinhard letzten Oktober im Ger\u00e4tehaus und filmten eine Ger\u00e4tehausf\u00fchrung, so als ob eine ganze Klasse anwesend w\u00e4re. Xaver stellte typische Fragen, die sonst von Sch\u00fclerinnen und Sch\u00fclern normalerweise gestellt werden. W\u00e4hrend der F\u00fchrung wurden die verschiedenen Fahrzeuge in der gro\u00dfen Halle sowie die R\u00e4ume des Feuerwehrhauses genau erkl\u00e4rt. Aus dem Filmmaterial schnitt Reinhard Muhr dann einen 45-min\u00fctigen Film, der darauf im Dezember der Grundschule in Wolnzach \u00fcbergeben wurde.<\/p>\n<p>Wie uns berichtet wurde, kam der Film bereits zum Einsatz und kam sowohl bei den Lehrkr\u00e4ften als auch bei den Schulkindern sehr gut an. Auch wenn ein echter Besuch bei der Feuerwehr sicher sehr viel spannender ist, konnten wir aber wenigstens auf diesem Weg den Kindern die Arbeit einer Freiwilligen Feuerwehr n\u00e4herbringen.<\/p>\nngg_shortcode_0_placeholder\n<p>tk<\/p>\n","protected":false},"excerpt":{"rendered":"<p>26.03.2021 &#8211; Unsere Kameradin Julia Mirlach ist schon seit schon seit einigen Jahren f\u00fcr die Brandschutzerziehung der Kinder in Wolnzach zust\u00e4ndig und erledigt diese<\/p>\n<p class=\"link-more\"><a class=\"read-more\" href=\"https:\/\/feuerwehr-wolnzach.de\/cms\/feuerwehr\/brandschutz-erziehung\/\">weiterlesen<\/a><\/p>\n","protected":false},"author":4,"featured_media":12097,"parent":2040,"menu_order":0,"comment_status":"closed","ping_status":"closed","template":"","meta":{"ngg_post_thumbnail":0,"footnotes":""},"class_list":["post-12082","page","type-page","status-publish","has-post-thumbnail","hentry"],"jetpack_shortlink":"https:\/\/wp.me\/P90SfJ-38S","jetpack_sharing_enabled":true,"_links":{"self":[{"href":"https:\/\/feuerwehr-wolnzach.de\/cms\/wp-json\/wp\/v2\/pages\/12082","targetHints":{"allow":["GET"]}}],"collection":[{"href":"https:\/\/feuerwehr-wolnzach.de\/cms\/wp-json\/wp\/v2\/pages"}],"about":[{"href":"https:\/\/feuerwehr-wolnzach.de\/cms\/wp-json\/wp\/v2\/types\/page"}],"author":[{"embeddable":true,"href":"https:\/\/feuerwehr-wolnzach.de\/cms\/wp-json\/wp\/v2\/users\/4"}],"replies":[{"embeddable":true,"href":"https:\/\/feuerwehr-wolnzach.de\/cms\/wp-json\/wp\/v2\/comments?post=12082"}],"version-history":[{"count":7,"href":"https:\/\/feuerwehr-wolnzach.de\/cms\/wp-json\/wp\/v2\/pages\/12082\/revisions"}],"predecessor-version":[{"id":12104,"href":"https:\/\/feuerwehr-wolnzach.de\/cms\/wp-json\/wp\/v2\/pages\/12082\/revisions\/12104"}],"up":[{"embeddable":true,"href":"https:\/\/feuerwehr-wolnzach.de\/cms\/wp-json\/wp\/v2\/pages\/2040"}],"wp:featuredmedia":[{"embeddable":true,"href":"https:\/\/feuerwehr-wolnzach.de\/cms\/wp-json\/wp\/v2\/media\/12097"}],"wp:attachment":[{"href":"https:\/\/feuerwehr-wolnzach.de\/cms\/wp-json\/wp\/v2\/media?parent=12082"}],"curies":[{"name":"wp","href":"https:\/\/api.w.org\/{rel}","templated":true}]}}