{"id":13153,"date":"2022-08-12T13:20:08","date_gmt":"2022-08-12T11:20:08","guid":{"rendered":"https:\/\/feuerwehr-wolnzach.de\/cms\/?page_id=13153"},"modified":"2022-08-19T17:34:25","modified_gmt":"2022-08-19T15:34:25","slug":"thl-leistungspruefung","status":"publish","type":"page","link":"https:\/\/feuerwehr-wolnzach.de\/cms\/feuerwehr\/thl-leistungspruefung\/","title":{"rendered":"Leistungspr\u00fcfung &#8211; THL"},"content":{"rendered":"<p>29.07.2022 &nbsp;&#8211; Im Monat Juli haben sich 18 Feuerwehrfrauen und -m\u00e4nner mehrmals zum \u00dcben auf die \u201eLeistungspr\u00fcfung &#8211; Die Gruppe im Hilfeleistungseinsatz\u201c vorbereitet.<\/p>\n<p>Hierf\u00fcr wird ein Verkehrsunfall mit einer eingeklemmten Person angenommen. Je nach Aufgabe innerhalb der Gruppe m\u00fcssen verschiedene T\u00e4tigkeiten wie z. B. Verkehrsabsicherung, Brandschutz oder die Entnahme der Ger\u00e4tschaften innerhalb von max. 4 Minuten durchgef\u00fchrt werden. Zus\u00e4tzlich m\u00fcssen im Vorfeld noch verschiedene Ausr\u00fcstungsgegenst\u00e4nde des L\u00f6schfahrzeuges ausf\u00fchrlich erkl\u00e4rt werden.<\/p>\n<p>Am Freitag fand f\u00fcr die zwei Gruppen dann die Pr\u00fcfung statt, wobei beide Gruppen ihre Aufgabe sehr souver\u00e4n abarbeiten konnten. Somit haben alle Teilnehmerinnen und Teilnehmer ihre jeweilige Anstecknadel erhalten.<\/p>\n<p>An dieser Stelle vielen Dank an alle Helfer und nat\u00fcrlich auch an die drei Schiedsrichter.<\/p>\n<p>ngg_shortcode_0_placeholdertk<\/p>\n","protected":false},"excerpt":{"rendered":"<p>29.07.2022 &nbsp;&#8211; Im Monat Juli haben sich 18 Feuerwehrfrauen und -m\u00e4nner mehrmals zum \u00dcben auf die \u201eLeistungspr\u00fcfung &#8211; Die Gruppe im Hilfeleistungseinsatz\u201c vorbereitet. Hierf\u00fcr<\/p>\n<p class=\"link-more\"><a class=\"read-more\" href=\"https:\/\/feuerwehr-wolnzach.de\/cms\/feuerwehr\/thl-leistungspruefung\/\">weiterlesen<\/a><\/p>\n","protected":false},"author":4,"featured_media":13167,"parent":2040,"menu_order":0,"comment_status":"closed","ping_status":"closed","template":"","meta":{"ngg_post_thumbnail":0,"footnotes":""},"class_list":["post-13153","page","type-page","status-publish","has-post-thumbnail","hentry"],"jetpack_shortlink":"https:\/\/wp.me\/P90SfJ-3q9","jetpack_sharing_enabled":true,"_links":{"self":[{"href":"https:\/\/feuerwehr-wolnzach.de\/cms\/wp-json\/wp\/v2\/pages\/13153","targetHints":{"allow":["GET"]}}],"collection":[{"href":"https:\/\/feuerwehr-wolnzach.de\/cms\/wp-json\/wp\/v2\/pages"}],"about":[{"href":"https:\/\/feuerwehr-wolnzach.de\/cms\/wp-json\/wp\/v2\/types\/page"}],"author":[{"embeddable":true,"href":"https:\/\/feuerwehr-wolnzach.de\/cms\/wp-json\/wp\/v2\/users\/4"}],"replies":[{"embeddable":true,"href":"https:\/\/feuerwehr-wolnzach.de\/cms\/wp-json\/wp\/v2\/comments?post=13153"}],"version-history":[{"count":4,"href":"https:\/\/feuerwehr-wolnzach.de\/cms\/wp-json\/wp\/v2\/pages\/13153\/revisions"}],"predecessor-version":[{"id":13172,"href":"https:\/\/feuerwehr-wolnzach.de\/cms\/wp-json\/wp\/v2\/pages\/13153\/revisions\/13172"}],"up":[{"embeddable":true,"href":"https:\/\/feuerwehr-wolnzach.de\/cms\/wp-json\/wp\/v2\/pages\/2040"}],"wp:featuredmedia":[{"embeddable":true,"href":"https:\/\/feuerwehr-wolnzach.de\/cms\/wp-json\/wp\/v2\/media\/13167"}],"wp:attachment":[{"href":"https:\/\/feuerwehr-wolnzach.de\/cms\/wp-json\/wp\/v2\/media?parent=13153"}],"curies":[{"name":"wp","href":"https:\/\/api.w.org\/{rel}","templated":true}]}}