{"id":15105,"date":"2024-11-18T20:50:01","date_gmt":"2024-11-18T19:50:01","guid":{"rendered":"https:\/\/feuerwehr-wolnzach.de\/cms\/?page_id=15105"},"modified":"2024-11-19T10:55:59","modified_gmt":"2024-11-19T09:55:59","slug":"gefahrstoff-uebung","status":"publish","type":"page","link":"https:\/\/feuerwehr-wolnzach.de\/cms\/feuerwehr\/gefahrstoff-uebung\/","title":{"rendered":"Gefahrstoff-\u00dcbung"},"content":{"rendered":"<p>15.11.2024 \u2013 Am Freitagabend gab es eine gr\u00f6\u00dfere Einsatz\u00fcbung zum Thema Gefahrstoff.<br \/>\nDen ersteintreffenden Feuerwehrlern zeigte sich folgendes Szenario: beim Rangieren am \u00f6rtlichen Bauhof wurde der Tank eines Gefahrgut-LKW besch\u00e4digt und eine bewusstlose Person lag in der N\u00e4he der Austrittstelle. So mussten z\u00fcgig die ersten Entscheidungen getroffen werden. Zum Beispiel den Gefahrenbereich festlegen, eine sinnvolle Fahrzeugaufstellung, f\u00fcr Beleuchtung sorgen, Personal die geeignete Schutzausr\u00fcstung anziehen lassen, an eine eventuelle Explosionsgefahr denken, die M\u00f6glichkeit zur Dekontamination schaffen und vieles mehr.<br \/>\nZur Unterst\u00fctzung im Bereich \u201eDekontamination von Personen\u201c (Dekon-P) waren die Kammeraden aus Reichertshofen mit dabei. Mit Ihrem Zelt kann eine \u00e4u\u00dferst effektive und sichere Reinigung der eingesetzten Kr\u00e4fte sehr gut durchgef\u00fchrt werden.<\/p>\n<p>Die oberste Priorit\u00e4t war nat\u00fcrlich die Rettung der verletzten Person. Nachdem diese aus dem Gefahrenbereich gebracht worden war, musste herausgefunden werden, um welchen Gefahrstoff es sich handelte. Erst als dies bekannt war, konnten die geeigneten Ma\u00dfnahmen eingeleitet werden. Denn das m\u00f6gliche Gefahrenpotential, vor allem bei chemischen Stoffen, ist riesig. Angefangen von der eventuellen Brennbarkeit \u00fcber die toxischen Eigenschaften f\u00fcr Mensch und Umwelt bis zur Auswahl der Beh\u00e4ltnisse zum Auffangen des Stoffes.<br \/>\nSchlie\u00dflich konnte auch noch das Leck geschlossen und somit eine weitere Ausbreitung der Fl\u00fcssigkeit verhindert werden.<\/p>\n<p>Nach ca. 1 \u00bd Stunden war die \u00dcbung beendet und als kleine Belohnung gab es f\u00fcr die Feuerwehrm\u00e4nner und -frauen noch eine Brotzeit im Ger\u00e4tehaus. An der \u00dcbung waren die Feuerwehr Wolnzach mit vier Fahrzeugen und 24 Personen, sowie die Feuerwehr Reichertshofen mit weiteren zwei Fahrzeugen und sieben Personen beteiligt.<br \/>\nEin Dank geht an die Kreisbrandinspektion, welche uns den \u00dcbungsanh\u00e4nger zur Verf\u00fcgung gestellt hat.<br \/>\nngg_shortcode_0_placeholder<br \/>\ntk<\/p>\n","protected":false},"excerpt":{"rendered":"<p>15.11.2024 \u2013 Am Freitagabend gab es eine gr\u00f6\u00dfere Einsatz\u00fcbung zum Thema Gefahrstoff. Den ersteintreffenden Feuerwehrlern zeigte sich folgendes Szenario: beim Rangieren am \u00f6rtlichen Bauhof<\/p>\n<p class=\"link-more\"><a class=\"read-more\" href=\"https:\/\/feuerwehr-wolnzach.de\/cms\/feuerwehr\/gefahrstoff-uebung\/\">weiterlesen<\/a><\/p>\n","protected":false},"author":4,"featured_media":15117,"parent":2040,"menu_order":0,"comment_status":"closed","ping_status":"closed","template":"","meta":{"ngg_post_thumbnail":0,"footnotes":""},"class_list":["post-15105","page","type-page","status-publish","has-post-thumbnail","hentry"],"jetpack_shortlink":"https:\/\/wp.me\/P90SfJ-3VD","jetpack_sharing_enabled":true,"_links":{"self":[{"href":"https:\/\/feuerwehr-wolnzach.de\/cms\/wp-json\/wp\/v2\/pages\/15105","targetHints":{"allow":["GET"]}}],"collection":[{"href":"https:\/\/feuerwehr-wolnzach.de\/cms\/wp-json\/wp\/v2\/pages"}],"about":[{"href":"https:\/\/feuerwehr-wolnzach.de\/cms\/wp-json\/wp\/v2\/types\/page"}],"author":[{"embeddable":true,"href":"https:\/\/feuerwehr-wolnzach.de\/cms\/wp-json\/wp\/v2\/users\/4"}],"replies":[{"embeddable":true,"href":"https:\/\/feuerwehr-wolnzach.de\/cms\/wp-json\/wp\/v2\/comments?post=15105"}],"version-history":[{"count":5,"href":"https:\/\/feuerwehr-wolnzach.de\/cms\/wp-json\/wp\/v2\/pages\/15105\/revisions"}],"predecessor-version":[{"id":15121,"href":"https:\/\/feuerwehr-wolnzach.de\/cms\/wp-json\/wp\/v2\/pages\/15105\/revisions\/15121"}],"up":[{"embeddable":true,"href":"https:\/\/feuerwehr-wolnzach.de\/cms\/wp-json\/wp\/v2\/pages\/2040"}],"wp:featuredmedia":[{"embeddable":true,"href":"https:\/\/feuerwehr-wolnzach.de\/cms\/wp-json\/wp\/v2\/media\/15117"}],"wp:attachment":[{"href":"https:\/\/feuerwehr-wolnzach.de\/cms\/wp-json\/wp\/v2\/media?parent=15105"}],"curies":[{"name":"wp","href":"https:\/\/api.w.org\/{rel}","templated":true}]}}