{"id":15326,"date":"2025-02-24T15:12:31","date_gmt":"2025-02-24T14:12:31","guid":{"rendered":"https:\/\/feuerwehr-wolnzach.de\/cms\/?page_id=15326"},"modified":"2025-02-24T16:46:35","modified_gmt":"2025-02-24T15:46:35","slug":"auf-der-spur-des-baeren","status":"publish","type":"page","link":"https:\/\/feuerwehr-wolnzach.de\/cms\/verein\/vatertagsausflug_2022\/auf-der-spur-des-baeren\/","title":{"rendered":"Auf der Spur des B\u00e4ren"},"content":{"rendered":"<p>09.05.2024 &#8211; An Christi Himmelfahrt stand wieder einmal der j\u00e4hrliche Vatertagsausflug auf dem Programm. Mit einer gut gelaunten Gruppe von etwa einem Dutzend Kameraden machten wir uns in aller Fr\u00fche mit freudiger Erwartung, was der Tag so bringen wird und bei bestem Wetter auf in Richtung Domstadt Freising.<\/p>\n<p>Das diesj\u00e4hrige Ziel steuerten wir wie gewohnt bequem per Bahn an. W\u00e4hrend der Zugfahrt, die einen Umstieg am Hauptbahnhof in M\u00fcnchen erforderlich machte, hatten wir ausreichend Zeit, unsere obligatorische Brotzeit w\u00e4hrend der Anfahrt abzuhalten.<\/p>\n<p>\u00dcberraschenderweise konnten wir uns auf die Zuverl\u00e4ssigkeit der Deutschen Bahn verlassen und kamen p\u00fcnktlich sowie gest\u00e4rkt f\u00fcr das weitere Programm am Vormittag in Freising an. Vom dortigen Bahnhof gelangten wir per Pedes zum Fu\u00dfe des Dombergs und unterzogen die neu gebaute Bef\u00f6rderungsgondel direkt einer eingehenden Belastungsprobe.<\/p>\n<p>Auf dem Plateau des Dombergs angekommen, startete sogleich auch der kulturelle H\u00f6hepunkt unseres Ausflugs: Die Bayerische Landesausstellung 2024 \u201eTassilo, Korbinian und der B\u00e4r \u2013 Bayern im fr\u00fchen Mittelalter\u201c im Di\u00f6zesanmuseum Freising, veranstaltet durch das Haus der Bayerischen Geschichte und der Erzdi\u00f6zese M\u00fcnchen und Freising.<\/p>\n<p>Mit dem Eintreffen des Missionsbischofs Korbinian, \u00fcberliefert f\u00fcr das Jahr 724, begann die Geschichte des Bistums Freising. Zum 1.300-j\u00e4hrigen Di\u00f6zesanjubil\u00e4um erz\u00e4hlt die Ausstellung von den Anf\u00e4ngen der Kirche in Bayern und vom Glanz der Agilolfinger-Herz\u00f6ge. Sie hatten Korbinian gerufen und herrschten \u00fcber ein Land, das sich zeitweise bis S\u00fcdtirol, Ober\u00f6sterreich, K\u00e4rnten und Slowenien erstreckte. Ein m\u00e4chtiges K\u00f6nigreich der Bajuwaren war zum Greifen nahe. Lassen Sie sich fesseln von Schatz und Schicksal Herzog Tassilos III., der es mit dem Frankenk\u00f6nig Karl (dem Gro\u00dfen) aufnehmen konnte. Auf dem Weg \u00fcber die Alpen wurde der Heilige von einem B\u00e4ren \u00fcberfallen, der sein Packpferd riss. Durch ein Wunder konnte Korbinian das Raubtier jedoch z\u00e4hmen. Im Ausstellungsmotiv l\u00e4sst der Bischof den B\u00e4ren z\u00fcchtigen, der anschlie\u00dfend sein Gep\u00e4ck brav bis nach Rom trug. Das Motiv ist einem Wandgem\u00e4lde von Cosmas Damian Asam entnommen, dass er anl\u00e4sslich der 1000-Jahrfeier des Bistums 1724 f\u00fcr den Freisinger Dom schuf. Umrahmt wird die Szene vom Schmuckbuchstaben \u201eT\u201c, der f\u00fcr Herzog Tassilo steht.<\/p>\n<p>Ihren H\u00f6hepunkt erlebte die agilolfingische Herrschaft unter Herzog Tassilo III. In seiner Regierungszeit von 748 bis 788 gr\u00fcndete er bedeutende Kl\u00f6ster wie Kremsm\u00fcnster und Frauenchiemsee. Er sa\u00df Versammlungen der bayerischen Kirche vor und erlie\u00df Gesetze, was sonst nur K\u00f6nige taten. Seine Eigenst\u00e4ndigkeit gegen\u00fcber dem Frankenreich fand auch k\u00fcnstlerischen Ausdruck: Der Hofschule des dortigen Herrschers Karl stand eine eigene tassilonische Kunst gegen\u00fcber. <\/p>\n<p>Dank der Ehrenamtskarte Bayern konnten wir die Ausstellung kostenlos besuchen und im imposanten Di\u00f6zesanmuseum durch Darstellungen, Erz\u00e4hlungen und Exponate wie dem Tassilo-Liutpirc-Kelch aus Kremsm\u00fcnster viele eindrucksvolle Einblicke in das Bayern des fr\u00fchen Mittelalters mitnehmen.<\/p>\n<p>Im Anschluss an die Ausstellung legten wir im Caf\u00e9 des Di\u00f6zesanmuseums mit herrlichem Ausblick auf die Altstadt eine kurze Pause ein, um den anstehenden Fu\u00dfmarsch zur n\u00e4chsten Etappe des Ausflugs mit frischer Kraft antreten zu k\u00f6nnen.<\/p>\n<p>Dieser f\u00fchrte uns \u00fcber einen idyllischen Spazierweg unter gro\u00dfen B\u00e4umen den Weihenstephaner Berg hinauf. Dort angekommen konnten wir im Biergarten des Weihenstephaner Br\u00e4ust\u00fcberls die Mittagspause genie\u00dfen und es uns bei hervorragenden Mahlzeiten und dem ein oder anderen Getr\u00e4nk gutgehen lassen.<\/p>\n<p>Den Weg vom Weihenstephaner Berg zur\u00fcck in die Innenstadt meisterten wir wieder zu Fu\u00df, jedoch \u00fcber eine Wegvariante, die uns durch die Hofg\u00e4rten von Weihenstephan f\u00fchrte. Auf dem Areal des ehemaligen Benediktinerklosters befinden sich mehrere stilvoll arrangierte G\u00e4rten, die von der Hochschule Weihenstephan-Triesdorf betreut werden und dem universit\u00e4ren Betrieb dienen. Die mit Liebe zum Detail angelegten und sorgf\u00e4ltig gepflegten gr\u00fcnen Kleinode begeistern Gartenfachleute wie Gartenliebhaberinnen und Gartenliebhaber aus dem In- und Ausland. Bei dem ein oder anderen botanischen Fachgespr\u00e4ch in unserer Expertenrunde, konnten wir uns an der Weitl\u00e4ufigkeit und Vielfalt der G\u00e4rten erfreuen und der R\u00fcckweg verging wie im Flug.<\/p>\n<p>In der Altstadt angekommen, haben wir den Tag im Au\u00dfenbereich einer Lokalit\u00e4t in der Freisinger Fu\u00dfg\u00e4ngerzone bei sp\u00e4tnachmitt\u00e4glichem Sonnenschein ausklingen lassen und waren uns einig, dass der gemeinsame Ausflug wieder einmal \u00e4u\u00dferst gelungen und unterhaltsam war und eine Weiterf\u00fchrung der Tradition im kommenden Jahr unumg\u00e4nglich sein wird.<br \/>\nngg_shortcode_0_placeholder<\/p>\n<p>&#8211; sb &#8211;<\/p>\n","protected":false},"excerpt":{"rendered":"<p>09.05.2024 &#8211; An Christi Himmelfahrt stand wieder einmal der j\u00e4hrliche Vatertagsausflug auf dem Programm. Mit einer gut gelaunten Gruppe von etwa einem Dutzend Kameraden<\/p>\n<p class=\"link-more\"><a class=\"read-more\" href=\"https:\/\/feuerwehr-wolnzach.de\/cms\/verein\/vatertagsausflug_2022\/auf-der-spur-des-baeren\/\">weiterlesen<\/a><\/p>\n","protected":false},"author":4,"featured_media":15338,"parent":13578,"menu_order":0,"comment_status":"closed","ping_status":"closed","template":"","meta":{"ngg_post_thumbnail":0,"footnotes":""},"class_list":["post-15326","page","type-page","status-publish","has-post-thumbnail","hentry"],"jetpack_shortlink":"https:\/\/wp.me\/P90SfJ-3Zc","jetpack_sharing_enabled":true,"_links":{"self":[{"href":"https:\/\/feuerwehr-wolnzach.de\/cms\/wp-json\/wp\/v2\/pages\/15326","targetHints":{"allow":["GET"]}}],"collection":[{"href":"https:\/\/feuerwehr-wolnzach.de\/cms\/wp-json\/wp\/v2\/pages"}],"about":[{"href":"https:\/\/feuerwehr-wolnzach.de\/cms\/wp-json\/wp\/v2\/types\/page"}],"author":[{"embeddable":true,"href":"https:\/\/feuerwehr-wolnzach.de\/cms\/wp-json\/wp\/v2\/users\/4"}],"replies":[{"embeddable":true,"href":"https:\/\/feuerwehr-wolnzach.de\/cms\/wp-json\/wp\/v2\/comments?post=15326"}],"version-history":[{"count":4,"href":"https:\/\/feuerwehr-wolnzach.de\/cms\/wp-json\/wp\/v2\/pages\/15326\/revisions"}],"predecessor-version":[{"id":15340,"href":"https:\/\/feuerwehr-wolnzach.de\/cms\/wp-json\/wp\/v2\/pages\/15326\/revisions\/15340"}],"up":[{"embeddable":true,"href":"https:\/\/feuerwehr-wolnzach.de\/cms\/wp-json\/wp\/v2\/pages\/13578"}],"wp:featuredmedia":[{"embeddable":true,"href":"https:\/\/feuerwehr-wolnzach.de\/cms\/wp-json\/wp\/v2\/media\/15338"}],"wp:attachment":[{"href":"https:\/\/feuerwehr-wolnzach.de\/cms\/wp-json\/wp\/v2\/media?parent=15326"}],"curies":[{"name":"wp","href":"https:\/\/api.w.org\/{rel}","templated":true}]}}