{"id":16264,"date":"2026-08-30T15:17:14","date_gmt":"2026-08-30T13:17:14","guid":{"rendered":"https:\/\/feuerwehr-wolnzach.de\/cms\/?page_id=16264"},"modified":"2026-08-30T15:19:01","modified_gmt":"2026-08-30T13:19:01","slug":"ferienpassaktion-ein-tag-bei-der-feuerwehr-begeistert-kinder-in-wolnzach","status":"publish","type":"page","link":"https:\/\/feuerwehr-wolnzach.de\/cms\/verein\/ferienpassaktion-ein-tag-bei-der-feuerwehr-begeistert-kinder-in-wolnzach\/","title":{"rendered":"Ferienpassaktion \u201eEin Tag bei der Feuerwehr\u201c begeistert Kinder in Wolnzach"},"content":{"rendered":"<p>Im Rahmen des gemeindlichen Ferienpasses durften zahlreiche Kinder bei der Aktion \u201eEin Tag bei der Feuerwehr\u201c einen spannenden Blick hinter die Kulissen der Freiwilligen Feuerwehr Wolnzach werfen.<br \/>\nNach der Anmeldung um 14:30 Uhr, bei der die Kontaktdaten der Eltern sowie die Einverst\u00e4ndniserkl\u00e4rungen zu den Fotorechten aufgenommen wurden, startete direkt das abwechslungsreiche Programm. Die 16 teilnehmenden Kinder wurden in zwei Gruppen aufgeteilt, um besser auf ihre Fragen eingehen zu k\u00f6nnen.<br \/>\nW\u00e4hrend die erste Gruppe das Feuerwehrhaus erkundete, erfuhren die Teilnehmer interessante Fakten \u00fcber die Feuerwehr. So lernten sie beispielsweise, wie hoch der Schlauchturm ist, wie viel die Einsatzkleidung wiegt und dass Feuerwehrleute auch nachts jederzeit zu Eins\u00e4tzen ausr\u00fccken m\u00fcssen. Au\u00dferdem wurde erkl\u00e4rt, wie ein Notruf richtig abgesetzt wird und welche wichtigen Informationen dabei an die Leitstelle \u00fcbermittelt werden m\u00fcssen. Hier lernten die Kinder die sogenannten W-Fragen des Notrufs kennen: Wer meldet? Wo ist etwas passiert? Was ist passiert? Wie viele Betroffene gibt es? Warten auf R\u00fcckfragen.<br \/>\nDie zweite Gruppe durfte die Einsatzfahrzeuge genauer unter die Lupe nehmen. Dabei wurden die Beladung und die umfangreiche Ausr\u00fcstung der Hilfeleistungsl\u00f6schfahrzeuge (HLF) sowie der Drehleiter vorgestellt. Die Kinder konnten hautnah erleben, welche Technik der Feuerwehr bei ihren Eins\u00e4tzen zur Verf\u00fcgung steht. Anschlie\u00dfend wurden die Gruppen getauscht und der zweite Durchlauf begann.<br \/>\nNach einer kurzen Pause mit Getr\u00e4nken und Eis sorgte eine besondere \u201eModenschau\u201c f\u00fcr Auflockerung. Die Feuerwehrleute pr\u00e4sentierten verschiedene Einsatzkleidungen, darunter Atemschutzkleidung, Chemikalienschutzanz\u00fcge (CSA), Schnittschutzkleidung sowie die Schutzkleidung der Jugendfeuerwehr. So konnten die Kinder sehen, wie unterschiedlich die Anforderungen bei den verschiedenen Eins\u00e4tzen sind.<br \/>\nAnschlie\u00dfend ging es in vier Gruppen zu den Mitmachstationen. Dort konnten die Kinder selbst aktiv werden und ihr Geschick unter Beweis stellen. Mit Hebekissen wurde eine Stoffkuh aus einer simulierten Notlage befreit. An einer weiteren Station mussten mithilfe des Rettungsspreizers Wasserbecher umgesetzt werden, ohne dabei m\u00f6glichst viel Wasser zu versch\u00fctten. Au\u00dferdem standen Kegeln mit Schl\u00e4uchen auf Wasserflaschen sowie Zielwerfen mit Leinenbeuteln auf dem Programm.<br \/>\nDas absolute Highlight war jedoch die Spritzwand, an der die jungen Feuerwehrfans ein fiktives Feuer l\u00f6schen konnten. Hier waren Teamarbeit, Zielgenauigkeit und vor allem jede Menge Spa\u00df gefragt.<br \/>\nZum Abschluss der gelungenen Ferienpassaktion erhielten alle Kinder eine Urkunde als Erinnerung an den spannenden Nachmittag. Gegen 17:00 Uhr endete die Veranstaltung, die den Teilnehmerinnen und Teilnehmern interessante Einblicke in die Arbeit der Feuerwehr vermittelte und vielleicht sogar bei dem einen oder anderen den Wunsch geweckt hat, sp\u00e4ter selbst Teil der Feuerwehr zu werden.<img loading=\"lazy\" decoding=\"async\" class=\"alignnone size-medium wp-image-16260\" src=\"https:\/\/feuerwehr-wolnzach.de\/cms\/wp-content\/uploads\/2026\/08\/20260821_155118-300x225.jpg\" alt=\"\" width=\"300\" height=\"225\" srcset=\"https:\/\/feuerwehr-wolnzach.de\/cms\/wp-content\/uploads\/2026\/08\/20260821_155118-300x225.jpg 300w, https:\/\/feuerwehr-wolnzach.de\/cms\/wp-content\/uploads\/2026\/08\/20260821_155118-1024x768.jpg 1024w, https:\/\/feuerwehr-wolnzach.de\/cms\/wp-content\/uploads\/2026\/08\/20260821_155118-768x576.jpg 768w, https:\/\/feuerwehr-wolnzach.de\/cms\/wp-content\/uploads\/2026\/08\/20260821_155118-1536x1152.jpg 1536w, https:\/\/feuerwehr-wolnzach.de\/cms\/wp-content\/uploads\/2026\/08\/20260821_155118-2048x1536.jpg 2048w\" sizes=\"auto, (max-width: 300px) 100vw, 300px\" \/> <img loading=\"lazy\" decoding=\"async\" class=\"alignnone size-medium wp-image-16259\" src=\"https:\/\/feuerwehr-wolnzach.de\/cms\/wp-content\/uploads\/2026\/08\/PXL_20260821_142555738-300x169.jpg\" alt=\"\" width=\"300\" height=\"169\" srcset=\"https:\/\/feuerwehr-wolnzach.de\/cms\/wp-content\/uploads\/2026\/08\/PXL_20260821_142555738-300x169.jpg 300w, https:\/\/feuerwehr-wolnzach.de\/cms\/wp-content\/uploads\/2026\/08\/PXL_20260821_142555738-1024x576.jpg 1024w, https:\/\/feuerwehr-wolnzach.de\/cms\/wp-content\/uploads\/2026\/08\/PXL_20260821_142555738-768x432.jpg 768w, https:\/\/feuerwehr-wolnzach.de\/cms\/wp-content\/uploads\/2026\/08\/PXL_20260821_142555738-1536x864.jpg 1536w, https:\/\/feuerwehr-wolnzach.de\/cms\/wp-content\/uploads\/2026\/08\/PXL_20260821_142555738-2048x1152.jpg 2048w\" sizes=\"auto, (max-width: 300px) 100vw, 300px\" \/> <img loading=\"lazy\" decoding=\"async\" class=\"alignnone size-medium wp-image-16258\" src=\"https:\/\/feuerwehr-wolnzach.de\/cms\/wp-content\/uploads\/2026\/08\/Ferienpass_2026-8-225x300.jpg\" alt=\"\" width=\"225\" height=\"300\" srcset=\"https:\/\/feuerwehr-wolnzach.de\/cms\/wp-content\/uploads\/2026\/08\/Ferienpass_2026-8-225x300.jpg 225w, https:\/\/feuerwehr-wolnzach.de\/cms\/wp-content\/uploads\/2026\/08\/Ferienpass_2026-8-768x1024.jpg 768w, https:\/\/feuerwehr-wolnzach.de\/cms\/wp-content\/uploads\/2026\/08\/Ferienpass_2026-8-1152x1536.jpg 1152w, https:\/\/feuerwehr-wolnzach.de\/cms\/wp-content\/uploads\/2026\/08\/Ferienpass_2026-8-1536x2048.jpg 1536w, https:\/\/feuerwehr-wolnzach.de\/cms\/wp-content\/uploads\/2026\/08\/Ferienpass_2026-8-scaled.jpg 1920w\" sizes=\"auto, (max-width: 225px) 100vw, 225px\" \/> <img loading=\"lazy\" decoding=\"async\" class=\"alignnone size-medium wp-image-16257\" src=\"https:\/\/feuerwehr-wolnzach.de\/cms\/wp-content\/uploads\/2026\/08\/Ferienpass_2026-7-225x300.jpg\" alt=\"\" width=\"225\" height=\"300\" srcset=\"https:\/\/feuerwehr-wolnzach.de\/cms\/wp-content\/uploads\/2026\/08\/Ferienpass_2026-7-225x300.jpg 225w, https:\/\/feuerwehr-wolnzach.de\/cms\/wp-content\/uploads\/2026\/08\/Ferienpass_2026-7-768x1024.jpg 768w, https:\/\/feuerwehr-wolnzach.de\/cms\/wp-content\/uploads\/2026\/08\/Ferienpass_2026-7-1152x1536.jpg 1152w, https:\/\/feuerwehr-wolnzach.de\/cms\/wp-content\/uploads\/2026\/08\/Ferienpass_2026-7-1536x2048.jpg 1536w, https:\/\/feuerwehr-wolnzach.de\/cms\/wp-content\/uploads\/2026\/08\/Ferienpass_2026-7-scaled.jpg 1920w\" sizes=\"auto, (max-width: 225px) 100vw, 225px\" \/> <img loading=\"lazy\" decoding=\"async\" class=\"alignnone size-medium wp-image-16255\" src=\"https:\/\/feuerwehr-wolnzach.de\/cms\/wp-content\/uploads\/2026\/08\/Ferienpass_2026-5-225x300.jpg\" alt=\"\" width=\"225\" height=\"300\" srcset=\"https:\/\/feuerwehr-wolnzach.de\/cms\/wp-content\/uploads\/2026\/08\/Ferienpass_2026-5-225x300.jpg 225w, https:\/\/feuerwehr-wolnzach.de\/cms\/wp-content\/uploads\/2026\/08\/Ferienpass_2026-5-768x1024.jpg 768w, https:\/\/feuerwehr-wolnzach.de\/cms\/wp-content\/uploads\/2026\/08\/Ferienpass_2026-5-1152x1536.jpg 1152w, https:\/\/feuerwehr-wolnzach.de\/cms\/wp-content\/uploads\/2026\/08\/Ferienpass_2026-5-1536x2048.jpg 1536w, https:\/\/feuerwehr-wolnzach.de\/cms\/wp-content\/uploads\/2026\/08\/Ferienpass_2026-5-scaled.jpg 1920w\" sizes=\"auto, (max-width: 225px) 100vw, 225px\" \/><\/p>\n","protected":false},"excerpt":{"rendered":"<p>Im Rahmen des gemeindlichen Ferienpasses durften zahlreiche Kinder bei der Aktion \u201eEin Tag bei der Feuerwehr\u201c einen spannenden Blick hinter die Kulissen der Freiwilligen<\/p>\n<p class=\"link-more\"><a class=\"read-more\" href=\"https:\/\/feuerwehr-wolnzach.de\/cms\/verein\/ferienpassaktion-ein-tag-bei-der-feuerwehr-begeistert-kinder-in-wolnzach\/\">weiterlesen<\/a><\/p>\n","protected":false},"author":6,"featured_media":16260,"parent":2058,"menu_order":0,"comment_status":"closed","ping_status":"closed","template":"","meta":{"ngg_post_thumbnail":0,"footnotes":""},"class_list":["post-16264","page","type-page","status-publish","has-post-thumbnail","hentry"],"jetpack_shortlink":"https:\/\/wp.me\/P90SfJ-4ek","jetpack_sharing_enabled":true,"_links":{"self":[{"href":"https:\/\/feuerwehr-wolnzach.de\/cms\/wp-json\/wp\/v2\/pages\/16264","targetHints":{"allow":["GET"]}}],"collection":[{"href":"https:\/\/feuerwehr-wolnzach.de\/cms\/wp-json\/wp\/v2\/pages"}],"about":[{"href":"https:\/\/feuerwehr-wolnzach.de\/cms\/wp-json\/wp\/v2\/types\/page"}],"author":[{"embeddable":true,"href":"https:\/\/feuerwehr-wolnzach.de\/cms\/wp-json\/wp\/v2\/users\/6"}],"replies":[{"embeddable":true,"href":"https:\/\/feuerwehr-wolnzach.de\/cms\/wp-json\/wp\/v2\/comments?post=16264"}],"version-history":[{"count":2,"href":"https:\/\/feuerwehr-wolnzach.de\/cms\/wp-json\/wp\/v2\/pages\/16264\/revisions"}],"predecessor-version":[{"id":16266,"href":"https:\/\/feuerwehr-wolnzach.de\/cms\/wp-json\/wp\/v2\/pages\/16264\/revisions\/16266"}],"up":[{"embeddable":true,"href":"https:\/\/feuerwehr-wolnzach.de\/cms\/wp-json\/wp\/v2\/pages\/2058"}],"wp:featuredmedia":[{"embeddable":true,"href":"https:\/\/feuerwehr-wolnzach.de\/cms\/wp-json\/wp\/v2\/media\/16260"}],"wp:attachment":[{"href":"https:\/\/feuerwehr-wolnzach.de\/cms\/wp-json\/wp\/v2\/media?parent=16264"}],"curies":[{"name":"wp","href":"https:\/\/api.w.org\/{rel}","templated":true}]}}

<p>Im Rahmen des gemeindlichen Ferienpasses durften zahlreiche Kinder bei der Aktion „Ein Tag bei der Feuerwehr“ einen spannenden Blick hinter die Kulissen der Freiwilligen Feuerwehr Wolnzach werfen.<br />
Nach der Anmeldung um 14:30 Uhr, bei der die Kontaktdaten der Eltern sowie die Einverständniserklärungen zu den Fotorechten aufgenommen wurden, startete direkt das abwechslungsreiche Programm. Die 16 teilnehmenden Kinder wurden in zwei Gruppen aufgeteilt, um besser auf ihre Fragen eingehen zu können.<br />
Während die erste Gruppe das Feuerwehrhaus erkundete, erfuhren die Teilnehmer interessante Fakten über die Feuerwehr. So lernten sie beispielsweise, wie hoch der Schlauchturm ist, wie viel die Einsatzkleidung wiegt und dass Feuerwehrleute auch nachts jederzeit zu Einsätzen ausrücken müssen. Außerdem wurde erklärt, wie ein Notruf richtig abgesetzt wird und welche wichtigen Informationen dabei an die Leitstelle übermittelt werden müssen. Hier lernten die Kinder die sogenannten W-Fragen des Notrufs kennen: Wer meldet? Wo ist etwas passiert? Was ist passiert? Wie viele Betroffene gibt es? Warten auf Rückfragen.<br />
Die zweite Gruppe durfte die Einsatzfahrzeuge genauer unter die Lupe nehmen. Dabei wurden die Beladung und die umfangreiche Ausrüstung der Hilfeleistungslöschfahrzeuge (HLF) sowie der Drehleiter vorgestellt. Die Kinder konnten hautnah erleben, welche Technik der Feuerwehr bei ihren Einsätzen zur Verfügung steht. Anschließend wurden die Gruppen getauscht und der zweite Durchlauf begann.<br />
Nach einer kurzen Pause mit Getränken und Eis sorgte eine besondere „Modenschau“ für Auflockerung. Die Feuerwehrleute präsentierten verschiedene Einsatzkleidungen, darunter Atemschutzkleidung, Chemikalienschutzanzüge (CSA), Schnittschutzkleidung sowie die Schutzkleidung der Jugendfeuerwehr. So konnten die Kinder sehen, wie unterschiedlich die Anforderungen bei den verschiedenen Einsätzen sind.<br />
Anschließend ging es in vier Gruppen zu den Mitmachstationen. Dort konnten die Kinder selbst aktiv werden und ihr Geschick unter Beweis stellen. Mit Hebekissen wurde eine Stoffkuh aus einer simulierten Notlage befreit. An einer weiteren Station mussten mithilfe des Rettungsspreizers Wasserbecher umgesetzt werden, ohne dabei möglichst viel Wasser zu verschütten. Außerdem standen Kegeln mit Schläuchen auf Wasserflaschen sowie Zielwerfen mit Leinenbeuteln auf dem Programm.<br />
Das absolute Highlight war jedoch die Spritzwand, an der die jungen Feuerwehrfans ein fiktives Feuer löschen konnten. Hier waren Teamarbeit, Zielgenauigkeit und vor allem jede Menge Spaß gefragt.<br />
Zum Abschluss der gelungenen Ferienpassaktion erhielten alle Kinder eine Urkunde als Erinnerung an den spannenden Nachmittag. Gegen 17:00 Uhr endete die Veranstaltung, die den Teilnehmerinnen und Teilnehmern interessante Einblicke in die Arbeit der Feuerwehr vermittelte und vielleicht sogar bei dem einen oder anderen den Wunsch geweckt hat, später selbst Teil der Feuerwehr zu werden.<img loading="lazy" decoding="async" class="alignnone size-medium wp-image-16260" src="https://feuerwehr-wolnzach.de/cms/wp-content/uploads/2026/08/20260821_155118-300x225.jpg" alt="" width="300" height="225" srcset="https://feuerwehr-wolnzach.de/cms/wp-content/uploads/2026/08/20260821_155118-300x225.jpg 300w, https://feuerwehr-wolnzach.de/cms/wp-content/uploads/2026/08/20260821_155118-1024x768.jpg 1024w, https://feuerwehr-wolnzach.de/cms/wp-content/uploads/2026/08/20260821_155118-768x576.jpg 768w, https://feuerwehr-wolnzach.de/cms/wp-content/uploads/2026/08/20260821_155118-1536x1152.jpg 1536w, https://feuerwehr-wolnzach.de/cms/wp-content/uploads/2026/08/20260821_155118-2048x1536.jpg 2048w" sizes="auto, (max-width: 300px) 100vw, 300px" /> <img loading="lazy" decoding="async" class="alignnone size-medium wp-image-16259" src="https://feuerwehr-wolnzach.de/cms/wp-content/uploads/2026/08/PXL_20260821_142555738-300x169.jpg" alt="" width="300" height="169" srcset="https://feuerwehr-wolnzach.de/cms/wp-content/uploads/2026/08/PXL_20260821_142555738-300x169.jpg 300w, https://feuerwehr-wolnzach.de/cms/wp-content/uploads/2026/08/PXL_20260821_142555738-1024x576.jpg 1024w, https://feuerwehr-wolnzach.de/cms/wp-content/uploads/2026/08/PXL_20260821_142555738-768x432.jpg 768w, https://feuerwehr-wolnzach.de/cms/wp-content/uploads/2026/08/PXL_20260821_142555738-1536x864.jpg 1536w, https://feuerwehr-wolnzach.de/cms/wp-content/uploads/2026/08/PXL_20260821_142555738-2048x1152.jpg 2048w" sizes="auto, (max-width: 300px) 100vw, 300px" /> <img loading="lazy" decoding="async" class="alignnone size-medium wp-image-16258" src="https://feuerwehr-wolnzach.de/cms/wp-content/uploads/2026/08/Ferienpass_2026-8-225x300.jpg" alt="" width="225" height="300" srcset="https://feuerwehr-wolnzach.de/cms/wp-content/uploads/2026/08/Ferienpass_2026-8-225x300.jpg 225w, https://feuerwehr-wolnzach.de/cms/wp-content/uploads/2026/08/Ferienpass_2026-8-768x1024.jpg 768w, https://feuerwehr-wolnzach.de/cms/wp-content/uploads/2026/08/Ferienpass_2026-8-1152x1536.jpg 1152w, https://feuerwehr-wolnzach.de/cms/wp-content/uploads/2026/08/Ferienpass_2026-8-1536x2048.jpg 1536w, https://feuerwehr-wolnzach.de/cms/wp-content/uploads/2026/08/Ferienpass_2026-8-scaled.jpg 1920w" sizes="auto, (max-width: 225px) 100vw, 225px" /> <img loading="lazy" decoding="async" class="alignnone size-medium wp-image-16257" src="https://feuerwehr-wolnzach.de/cms/wp-content/uploads/2026/08/Ferienpass_2026-7-225x300.jpg" alt="" width="225" height="300" srcset="https://feuerwehr-wolnzach.de/cms/wp-content/uploads/2026/08/Ferienpass_2026-7-225x300.jpg 225w, https://feuerwehr-wolnzach.de/cms/wp-content/uploads/2026/08/Ferienpass_2026-7-768x1024.jpg 768w, https://feuerwehr-wolnzach.de/cms/wp-content/uploads/2026/08/Ferienpass_2026-7-1152x1536.jpg 1152w, https://feuerwehr-wolnzach.de/cms/wp-content/uploads/2026/08/Ferienpass_2026-7-1536x2048.jpg 1536w, https://feuerwehr-wolnzach.de/cms/wp-content/uploads/2026/08/Ferienpass_2026-7-scaled.jpg 1920w" sizes="auto, (max-width: 225px) 100vw, 225px" /> <img loading="lazy" decoding="async" class="alignnone size-medium wp-image-16255" src="https://feuerwehr-wolnzach.de/cms/wp-content/uploads/2026/08/Ferienpass_2026-5-225x300.jpg" alt="" width="225" height="300" srcset="https://feuerwehr-wolnzach.de/cms/wp-content/uploads/2026/08/Ferienpass_2026-5-225x300.jpg 225w, https://feuerwehr-wolnzach.de/cms/wp-content/uploads/2026/08/Ferienpass_2026-5-768x1024.jpg 768w, https://feuerwehr-wolnzach.de/cms/wp-content/uploads/2026/08/Ferienpass_2026-5-1152x1536.jpg 1152w, https://feuerwehr-wolnzach.de/cms/wp-content/uploads/2026/08/Ferienpass_2026-5-1536x2048.jpg 1536w, https://feuerwehr-wolnzach.de/cms/wp-content/uploads/2026/08/Ferienpass_2026-5-scaled.jpg 1920w" sizes="auto, (max-width: 225px) 100vw, 225px" /></p>
