{"id":16270,"date":"2026-08-31T17:48:41","date_gmt":"2026-08-31T15:48:41","guid":{"rendered":"https:\/\/feuerwehr-wolnzach.de\/cms\/?page_id=16270"},"modified":"2026-08-31T17:53:52","modified_gmt":"2026-08-31T15:53:52","slug":"feuerwehr-wolnzach-zu-gast-im-amper-kino","status":"publish","type":"page","link":"https:\/\/feuerwehr-wolnzach.de\/cms\/verein\/feuerwehr-wolnzach-zu-gast-im-amper-kino\/","title":{"rendered":"Feuerwehr Wolnzach zu Gast im Amper Kino"},"content":{"rendered":"<p style=\"font-weight: 400;\">Am vergangenen Sonntag trafen sich Mitglieder der Freiwilligen Feuerwehr Wolnzach gemeinsam mit ihren Familien zu einem besonderen Vormittag im Amper Kino in Wolnzach.<\/p>\n<p>&nbsp;<\/p>\n<p style=\"font-weight: 400;\">Bereits um 10:00 Uhr begann die Veranstaltung mit einem kleinen Stehempfang in gem\u00fctlicher Atmosph\u00e4re. Bei Getr\u00e4nken und guten Gespr\u00e4chen bot der \u201eFeuerwehr-Fr\u00fchschoppen\u201c die Gelegenheit, sich abseits des Einsatz- und \u00dcbungsalltags auszutauschen und gemeinsam Zeit zu verbringen.<\/p>\n<p>&nbsp;<\/p>\n<p style=\"font-weight: 400;\">Anschlie\u00dfend startete um 11:00 Uhr die exklusive Filmvorf\u00fchrung von \u201eMinions &amp; Monster\u201c. Im 2D-Animationsfilm begeben sich die aus \u201eIch \u2013 Einfach unverbesserlich\u201c bekannten Minions auf ein chaotisches Abenteuer rund um Monster und Magie. Der humorvolle Film sorgte bei Gro\u00df und Klein f\u00fcr viele Lacher und beste Unterhaltung.<\/p>\n<p>&nbsp;<\/p>\n<p style=\"font-weight: 400;\">Eingeladen waren nicht nur die aktiven Feuerwehrangeh\u00f6rigen, sondern ausdr\u00fccklich auch deren Familien. So fanden sich knapp 40 Besucherinnen und Besucher im Lichtspielhaus ein und erlebten gemeinsam einen kurzweiligen und gelungenen Vormittag.<\/p>\n<p>&nbsp;<\/p>\n<p style=\"font-weight: 400;\">Ein besonderer Dank gilt den Kinobetreibern Max und Monika, die die Feuerwehr mit verg\u00fcnstigten Eintrittspreisen unterst\u00fctzten. Dar\u00fcber hinaus spendierte der Feuerwehrverein f\u00fcr alle G\u00e4ste als \u201ezweites Fr\u00fchst\u00fcck\u201c eine Portion Popcorn, was das Kinoerlebnis perfekt abrundete.<\/p>\n<p>&nbsp;<\/p>\n<p style=\"font-weight: 400;\">Die Veranstaltung zeigte einmal mehr, wie wichtig neben dem Einsatzdienst auch das kameradschaftliche Miteinander und die Gemeinschaft innerhalb der Feuerwehr sind.<\/p>\n<p>&nbsp;<\/p>\n<p style=\"font-weight: 400;\">Herzlichen Dank an alle Teilnehmerinnen und Teilnehmer sowie an das Team des Amper Kino f\u00fcr die Unterst\u00fctzung und Gastfreundschaft.<\/p>\n<p><img loading=\"lazy\" decoding=\"async\" class=\"alignnone size-medium wp-image-16272\" src=\"https:\/\/feuerwehr-wolnzach.de\/cms\/wp-content\/uploads\/2026\/08\/FFW_AL-300x202.png\" alt=\"\" width=\"300\" height=\"202\" srcset=\"https:\/\/feuerwehr-wolnzach.de\/cms\/wp-content\/uploads\/2026\/08\/FFW_AL-300x202.png 300w, https:\/\/feuerwehr-wolnzach.de\/cms\/wp-content\/uploads\/2026\/08\/FFW_AL-272x182.png 272w, https:\/\/feuerwehr-wolnzach.de\/cms\/wp-content\/uploads\/2026\/08\/FFW_AL.png 452w\" sizes=\"auto, (max-width: 300px) 100vw, 300px\" \/><\/p>\n","protected":false},"excerpt":{"rendered":"<p>Am vergangenen Sonntag trafen sich Mitglieder der Freiwilligen Feuerwehr Wolnzach gemeinsam mit ihren Familien zu einem besonderen Vormittag im Amper Kino in Wolnzach. &nbsp;<\/p>\n<p class=\"link-more\"><a class=\"read-more\" href=\"https:\/\/feuerwehr-wolnzach.de\/cms\/verein\/feuerwehr-wolnzach-zu-gast-im-amper-kino\/\">weiterlesen<\/a><\/p>\n","protected":false},"author":6,"featured_media":16272,"parent":2058,"menu_order":0,"comment_status":"closed","ping_status":"closed","template":"","meta":{"ngg_post_thumbnail":0,"footnotes":""},"class_list":["post-16270","page","type-page","status-publish","has-post-thumbnail","hentry"],"jetpack_shortlink":"https:\/\/wp.me\/P90SfJ-4eq","jetpack_sharing_enabled":true,"_links":{"self":[{"href":"https:\/\/feuerwehr-wolnzach.de\/cms\/wp-json\/wp\/v2\/pages\/16270","targetHints":{"allow":["GET"]}}],"collection":[{"href":"https:\/\/feuerwehr-wolnzach.de\/cms\/wp-json\/wp\/v2\/pages"}],"about":[{"href":"https:\/\/feuerwehr-wolnzach.de\/cms\/wp-json\/wp\/v2\/types\/page"}],"author":[{"embeddable":true,"href":"https:\/\/feuerwehr-wolnzach.de\/cms\/wp-json\/wp\/v2\/users\/6"}],"replies":[{"embeddable":true,"href":"https:\/\/feuerwehr-wolnzach.de\/cms\/wp-json\/wp\/v2\/comments?post=16270"}],"version-history":[{"count":4,"href":"https:\/\/feuerwehr-wolnzach.de\/cms\/wp-json\/wp\/v2\/pages\/16270\/revisions"}],"predecessor-version":[{"id":16276,"href":"https:\/\/feuerwehr-wolnzach.de\/cms\/wp-json\/wp\/v2\/pages\/16270\/revisions\/16276"}],"up":[{"embeddable":true,"href":"https:\/\/feuerwehr-wolnzach.de\/cms\/wp-json\/wp\/v2\/pages\/2058"}],"wp:featuredmedia":[{"embeddable":true,"href":"https:\/\/feuerwehr-wolnzach.de\/cms\/wp-json\/wp\/v2\/media\/16272"}],"wp:attachment":[{"href":"https:\/\/feuerwehr-wolnzach.de\/cms\/wp-json\/wp\/v2\/media?parent=16270"}],"curies":[{"name":"wp","href":"https:\/\/api.w.org\/{rel}","templated":true}]}}

<p style="font-weight: 400;">Am vergangenen Sonntag trafen sich Mitglieder der Freiwilligen Feuerwehr Wolnzach gemeinsam mit ihren Familien zu einem besonderen Vormittag im Amper Kino in Wolnzach.</p>
<p>&nbsp;</p>
<p style="font-weight: 400;">Bereits um 10:00 Uhr begann die Veranstaltung mit einem kleinen Stehempfang in gemütlicher Atmosphäre. Bei Getränken und guten Gesprächen bot der „Feuerwehr-Frühschoppen“ die Gelegenheit, sich abseits des Einsatz- und Übungsalltags auszutauschen und gemeinsam Zeit zu verbringen.</p>
<p>&nbsp;</p>
<p style="font-weight: 400;">Anschließend startete um 11:00 Uhr die exklusive Filmvorführung von „Minions &amp; Monster“. Im 2D-Animationsfilm begeben sich die aus „Ich – Einfach unverbesserlich“ bekannten Minions auf ein chaotisches Abenteuer rund um Monster und Magie. Der humorvolle Film sorgte bei Groß und Klein für viele Lacher und beste Unterhaltung.</p>
<p>&nbsp;</p>
<p style="font-weight: 400;">Eingeladen waren nicht nur die aktiven Feuerwehrangehörigen, sondern ausdrücklich auch deren Familien. So fanden sich knapp 40 Besucherinnen und Besucher im Lichtspielhaus ein und erlebten gemeinsam einen kurzweiligen und gelungenen Vormittag.</p>
<p>&nbsp;</p>
<p style="font-weight: 400;">Ein besonderer Dank gilt den Kinobetreibern Max und Monika, die die Feuerwehr mit vergünstigten Eintrittspreisen unterstützten. Darüber hinaus spendierte der Feuerwehrverein für alle Gäste als „zweites Frühstück“ eine Portion Popcorn, was das Kinoerlebnis perfekt abrundete.</p>
<p>&nbsp;</p>
<p style="font-weight: 400;">Die Veranstaltung zeigte einmal mehr, wie wichtig neben dem Einsatzdienst auch das kameradschaftliche Miteinander und die Gemeinschaft innerhalb der Feuerwehr sind.</p>
<p>&nbsp;</p>
<p style="font-weight: 400;">Herzlichen Dank an alle Teilnehmerinnen und Teilnehmer sowie an das Team des Amper Kino für die Unterstützung und Gastfreundschaft.</p>
<p><img loading="lazy" decoding="async" class="alignnone size-medium wp-image-16272" src="https://feuerwehr-wolnzach.de/cms/wp-content/uploads/2026/08/FFW_AL-300x202.png" alt="" width="300" height="202" srcset="https://feuerwehr-wolnzach.de/cms/wp-content/uploads/2026/08/FFW_AL-300x202.png 300w, https://feuerwehr-wolnzach.de/cms/wp-content/uploads/2026/08/FFW_AL-272x182.png 272w, https://feuerwehr-wolnzach.de/cms/wp-content/uploads/2026/08/FFW_AL.png 452w" sizes="auto, (max-width: 300px) 100vw, 300px" /></p>
