{"id":2,"date":"2017-07-25T08:13:37","date_gmt":"2017-07-25T06:13:37","guid":{"rendered":"http:\/\/feuerwehr-wolnzach.de\/cms\/?page_id=2"},"modified":"2026-03-02T19:08:37","modified_gmt":"2026-03-02T18:08:37","slug":"beispiel-seite","status":"publish","type":"page","link":"https:\/\/feuerwehr-wolnzach.de\/cms\/","title":{"rendered":"Herzlich willkommen!"},"content":{"rendered":"<div id=\"pl-2\"  class=\"panel-layout\" ><div id=\"pg-2-0\"  class=\"panel-grid panel-no-style\" ><div id=\"pgc-2-0-0\"  class=\"panel-grid-cell\" ><div id=\"panel-2-0-0-0\" class=\"so-panel widget widget_sow-editor panel-first-child panel-last-child\" data-index=\"0\" ><div\n\t\t\t\n\t\t\tclass=\"so-widget-sow-editor so-widget-sow-editor-base\"\n\t\t\t\n\t\t>\n<div class=\"siteorigin-widget-tinymce textwidget\">\n\t<h1 style=\"text-align: left;\">Herzlich willkommen auf unserer Homepage<\/h1>\n<h2 style=\"padding-left: 150px; text-align: right;\">Wir sind rund um die Uhr,&nbsp;365 Tage im Jahr f\u00fcr Sie da ...&nbsp;freiwillig!<\/h2>\n<\/div>\n<\/div><\/div><\/div><\/div><div id=\"pg-2-1\"  class=\"panel-grid panel-no-style\" ><div id=\"pgc-2-1-0\"  class=\"panel-grid-cell\" ><div id=\"panel-2-1-0-0\" class=\"so-panel widget widget_siteorigin-panels-postloop panel-first-child panel-last-child\" data-index=\"1\" >\n<article id=\"post-16002\" class=\"animate-article post-16002 page type-page status-publish has-post-thumbnail hentry\">\n\t<header class=\"entry-header\">\n\t\t<h2 class=\"entry-title\"><a href=\"https:\/\/feuerwehr-wolnzach.de\/cms\/feuerwehr\/wiesenhupfer\/\" rel=\"bookmark\">KiGa &#8222;Wiesenhupfer&#8220;<\/a><\/h2>\t\n\t\t\n\t\t\t\n\t\t\t<p class=\"cont-img\"><a href=\"https:\/\/feuerwehr-wolnzach.de\/cms\/feuerwehr\/wiesenhupfer\/\"><img loading=\"lazy\" decoding=\"async\" width=\"2560\" height=\"1920\" src=\"https:\/\/feuerwehr-wolnzach.de\/cms\/wp-content\/uploads\/2026\/03\/IMG_0083-scaled.jpg\" class=\"attachment-post-thumbnail size-post-thumbnail wp-post-image\" alt=\"\" srcset=\"https:\/\/feuerwehr-wolnzach.de\/cms\/wp-content\/uploads\/2026\/03\/IMG_0083-scaled.jpg 2560w, https:\/\/feuerwehr-wolnzach.de\/cms\/wp-content\/uploads\/2026\/03\/IMG_0083-300x225.jpg 300w, https:\/\/feuerwehr-wolnzach.de\/cms\/wp-content\/uploads\/2026\/03\/IMG_0083-1024x768.jpg 1024w, https:\/\/feuerwehr-wolnzach.de\/cms\/wp-content\/uploads\/2026\/03\/IMG_0083-768x576.jpg 768w, https:\/\/feuerwehr-wolnzach.de\/cms\/wp-content\/uploads\/2026\/03\/IMG_0083-1536x1152.jpg 1536w, https:\/\/feuerwehr-wolnzach.de\/cms\/wp-content\/uploads\/2026\/03\/IMG_0083-2048x1536.jpg 2048w\" sizes=\"auto, (max-width: 2560px) 100vw, 2560px\" \/> <\/a>\t<\/p>\n\t\t\n\t<\/header><!-- .entry-header -->\n\t\n\t\t\n\t\t\n\t\t\t<div class=\"ex-right\"><p>26.02.2026 &#8211; In der ersten Gruppenf\u00fchrer-Ausbildung diesen Jahres wurde der neue Kindergarten \u201eWiesenhupfer\u201c besucht. Der neue KIGA hat nach den Sommerferien seinen Betrieb aufgenommen<\/p>\n<p class=\"link-more\"><a class=\"read-more\" href=\"https:\/\/feuerwehr-wolnzach.de\/cms\/feuerwehr\/wiesenhupfer\/\">weiterlesen<\/a><\/p>\n <\/div>\n\t\t\n\t\t\t\n\t<footer class=\"entry-footer\">\n\t\t\t<\/footer><!-- .entry-footer -->\n<\/article><!-- #post-## -->\n<\/div><\/div><\/div><div id=\"pg-2-2\"  class=\"panel-grid panel-no-style\" ><div id=\"pgc-2-2-0\"  class=\"panel-grid-cell\" ><div id=\"panel-2-2-0-0\" class=\"so-panel widget widget_siteorigin-panels-postloop panel-first-child panel-last-child\" data-index=\"2\" >\n<article id=\"post-15946\" class=\"animate-article post-15946 page type-page status-publish has-post-thumbnail hentry\">\n\t<header class=\"entry-header\">\n\t\t<h2 class=\"entry-title\"><a href=\"https:\/\/feuerwehr-wolnzach.de\/cms\/verein\/jahreshauptversammlung-2026\/\" rel=\"bookmark\">Jahreshauptversammlung 2026<\/a><\/h2>\t\n\t\t\n\t\t\t\n\t\t\t<p class=\"cont-img\"><a href=\"https:\/\/feuerwehr-wolnzach.de\/cms\/verein\/jahreshauptversammlung-2026\/\"><img loading=\"lazy\" decoding=\"async\" width=\"2560\" height=\"1707\" src=\"https:\/\/feuerwehr-wolnzach.de\/cms\/wp-content\/uploads\/2026\/02\/IMG_9570-scaled.jpg\" class=\"attachment-post-thumbnail size-post-thumbnail wp-post-image\" alt=\"\" srcset=\"https:\/\/feuerwehr-wolnzach.de\/cms\/wp-content\/uploads\/2026\/02\/IMG_9570-scaled.jpg 2560w, https:\/\/feuerwehr-wolnzach.de\/cms\/wp-content\/uploads\/2026\/02\/IMG_9570-300x200.jpg 300w, https:\/\/feuerwehr-wolnzach.de\/cms\/wp-content\/uploads\/2026\/02\/IMG_9570-1024x683.jpg 1024w, https:\/\/feuerwehr-wolnzach.de\/cms\/wp-content\/uploads\/2026\/02\/IMG_9570-768x512.jpg 768w, https:\/\/feuerwehr-wolnzach.de\/cms\/wp-content\/uploads\/2026\/02\/IMG_9570-1536x1024.jpg 1536w, https:\/\/feuerwehr-wolnzach.de\/cms\/wp-content\/uploads\/2026\/02\/IMG_9570-2048x1365.jpg 2048w, https:\/\/feuerwehr-wolnzach.de\/cms\/wp-content\/uploads\/2026\/02\/IMG_9570-272x182.jpg 272w\" sizes=\"auto, (max-width: 2560px) 100vw, 2560px\" \/> <\/a>\t<\/p>\n\t\t\n\t<\/header><!-- .entry-header -->\n\t\n\t\t\n\t\t\n\t\t\t<div class=\"ex-right\"><p>30.01.2026 \u2013 Am Freitag fand unsere allj\u00e4hrliche Jahreshauptversammlung statt. Der Einladung zu dieser Veranstaltung folgten neben zahlreichen Mitgliedern unter anderem auch unsere drei B\u00fcrgermeister<\/p>\n<p class=\"link-more\"><a class=\"read-more\" href=\"https:\/\/feuerwehr-wolnzach.de\/cms\/verein\/jahreshauptversammlung-2026\/\">weiterlesen<\/a><\/p>\n <\/div>\n\t\t\n\t\t\t\n\t<footer class=\"entry-footer\">\n\t\t\t<\/footer><!-- .entry-footer -->\n<\/article><!-- #post-## -->\n<\/div><\/div><\/div><div id=\"pg-2-3\"  class=\"panel-grid panel-no-style\" ><div id=\"pgc-2-3-0\"  class=\"panel-grid-cell\" ><div id=\"panel-2-3-0-0\" class=\"so-panel widget widget_siteorigin-panels-postloop panel-first-child panel-last-child\" data-index=\"3\" >\n<article id=\"post-15884\" class=\"animate-article post-15884 page type-page status-publish has-post-thumbnail hentry\">\n\t<header class=\"entry-header\">\n\t\t<h2 class=\"entry-title\"><a href=\"https:\/\/feuerwehr-wolnzach.de\/cms\/einsaetze\/2026-2\/eisstockschiessen-am-postweiher\/\" rel=\"bookmark\">Eisstockschie\u00dfen am Postweiher<\/a><\/h2>\t\n\t\t\n\t\t\t\n\t\t\t<p class=\"cont-img\"><a href=\"https:\/\/feuerwehr-wolnzach.de\/cms\/einsaetze\/2026-2\/eisstockschiessen-am-postweiher\/\"><img loading=\"lazy\" decoding=\"async\" width=\"1394\" height=\"985\" src=\"https:\/\/feuerwehr-wolnzach.de\/cms\/wp-content\/uploads\/2026\/01\/image3-scaled-e1768416351697.jpeg\" class=\"attachment-post-thumbnail size-post-thumbnail wp-post-image\" alt=\"\" srcset=\"https:\/\/feuerwehr-wolnzach.de\/cms\/wp-content\/uploads\/2026\/01\/image3-scaled-e1768416351697.jpeg 1394w, https:\/\/feuerwehr-wolnzach.de\/cms\/wp-content\/uploads\/2026\/01\/image3-scaled-e1768416351697-300x212.jpeg 300w, https:\/\/feuerwehr-wolnzach.de\/cms\/wp-content\/uploads\/2026\/01\/image3-scaled-e1768416351697-1024x724.jpeg 1024w, https:\/\/feuerwehr-wolnzach.de\/cms\/wp-content\/uploads\/2026\/01\/image3-scaled-e1768416351697-768x543.jpeg 768w\" sizes=\"auto, (max-width: 1394px) 100vw, 1394px\" \/> <\/a>\t<\/p>\n\t\t\n\t<\/header><!-- .entry-header -->\n\t\n\t\t\n\t\t\n\t\t\t<div class=\"ex-right\"><p>07.01.2026 &#8211; Am 7. und 8. Januar haben wir uns am Postweiher, der nach Jahren wieder zugefrohren war, getroffen und uns im Eisstockschie\u00dfen versucht.<\/p>\n<p class=\"link-more\"><a class=\"read-more\" href=\"https:\/\/feuerwehr-wolnzach.de\/cms\/einsaetze\/2026-2\/eisstockschiessen-am-postweiher\/\">weiterlesen<\/a><\/p>\n <\/div>\n\t\t\n\t\t\t\n\t<footer class=\"entry-footer\">\n\t\t\t<\/footer><!-- .entry-footer -->\n<\/article><!-- #post-## -->\n<\/div><\/div><\/div><div id=\"pg-2-4\"  class=\"panel-grid panel-no-style\" ><div id=\"pgc-2-4-0\"  class=\"panel-grid-cell\" ><div id=\"panel-2-4-0-0\" class=\"so-panel widget widget_siteorigin-panels-postloop panel-first-child panel-last-child\" data-index=\"4\" >\n<article id=\"post-15701\" class=\"animate-article post-15701 page type-page status-publish has-post-thumbnail hentry\">\n\t<header class=\"entry-header\">\n\t\t<h2 class=\"entry-title\"><a href=\"https:\/\/feuerwehr-wolnzach.de\/cms\/feuerwehr\/loeschgruppe\/\" rel=\"bookmark\">&#8222;Die Gruppe im L\u00f6scheinsatz&#8220;<\/a><\/h2>\t\n\t\t\n\t\t\t\n\t\t\t<p class=\"cont-img\"><a href=\"https:\/\/feuerwehr-wolnzach.de\/cms\/feuerwehr\/loeschgruppe\/\"><img loading=\"lazy\" decoding=\"async\" width=\"2560\" height=\"1707\" src=\"https:\/\/feuerwehr-wolnzach.de\/cms\/wp-content\/uploads\/2025\/10\/IMG_9462-scaled.jpg\" class=\"attachment-post-thumbnail size-post-thumbnail wp-post-image\" alt=\"\" srcset=\"https:\/\/feuerwehr-wolnzach.de\/cms\/wp-content\/uploads\/2025\/10\/IMG_9462-scaled.jpg 2560w, https:\/\/feuerwehr-wolnzach.de\/cms\/wp-content\/uploads\/2025\/10\/IMG_9462-300x200.jpg 300w, https:\/\/feuerwehr-wolnzach.de\/cms\/wp-content\/uploads\/2025\/10\/IMG_9462-1024x683.jpg 1024w, https:\/\/feuerwehr-wolnzach.de\/cms\/wp-content\/uploads\/2025\/10\/IMG_9462-768x512.jpg 768w, https:\/\/feuerwehr-wolnzach.de\/cms\/wp-content\/uploads\/2025\/10\/IMG_9462-1536x1024.jpg 1536w, https:\/\/feuerwehr-wolnzach.de\/cms\/wp-content\/uploads\/2025\/10\/IMG_9462-2048x1365.jpg 2048w, https:\/\/feuerwehr-wolnzach.de\/cms\/wp-content\/uploads\/2025\/10\/IMG_9462-272x182.jpg 272w\" sizes=\"auto, (max-width: 2560px) 100vw, 2560px\" \/> <\/a>\t<\/p>\n\t\t\n\t<\/header><!-- .entry-header -->\n\t\n\t\t\n\t\t\n\t\t\t<div class=\"ex-right\"><p>02.10.2025 \u2013 In diesem Jahr gab es bei der Feuerwehr Wolnzach wieder die M\u00f6glichkeit, die n\u00e4chste Stufe der Leistungspr\u00fcfungen abzulegen. An acht Abenden trafen<\/p>\n<p class=\"link-more\"><a class=\"read-more\" href=\"https:\/\/feuerwehr-wolnzach.de\/cms\/feuerwehr\/loeschgruppe\/\">weiterlesen<\/a><\/p>\n <\/div>\n\t\t\n\t\t\t\n\t<footer class=\"entry-footer\">\n\t\t\t<\/footer><!-- .entry-footer -->\n<\/article><!-- #post-## -->\n<\/div><\/div><\/div><div id=\"pg-2-5\"  class=\"panel-grid panel-no-style\" ><div id=\"pgc-2-5-0\"  class=\"panel-grid-cell\" ><div id=\"panel-2-5-0-0\" class=\"so-panel widget widget_sow-editor panel-first-child panel-last-child\" data-index=\"5\" ><div\n\t\t\t\n\t\t\tclass=\"so-widget-sow-editor so-widget-sow-editor-base\"\n\t\t\t\n\t\t>\n<div class=\"siteorigin-widget-tinymce textwidget\">\n\t<\/div>\n<\/div><\/div><\/div><\/div><div id=\"pg-2-6\"  class=\"panel-grid panel-no-style\" ><div id=\"pgc-2-6-0\"  class=\"panel-grid-cell\" ><div id=\"panel-2-6-0-0\" class=\"so-panel widget widget_sow-editor panel-first-child panel-last-child\" data-index=\"6\" ><div\n\t\t\t\n\t\t\tclass=\"so-widget-sow-editor so-widget-sow-editor-base\"\n\t\t\t\n\t\t>\n<div class=\"siteorigin-widget-tinymce textwidget\">\n\t<p><strong>Einsatzstatistik - laufendes Jahr + der letzten beiden Jahre:<\/strong><\/p>\n<hr \/>\n<p class=\"wp-block-preformatted\" style=\"text-align: left;\">Wir haben dieses Jahr bereits <strong>36<\/strong> Eins\u00e4tze abgearbeitet, davon ...<\/p>\n<p><strong>7<\/strong> x Brandeinsatz | <strong>20<\/strong> x Technische Hilfeleistung | <strong>1 <\/strong>x Unterst\u00fctzung Rettungsdienst | <strong>0<\/strong> x First Responder<br \/>\n<strong>2<\/strong> x Brandmeldeanlage (BMA) | <strong>3<\/strong> x Absicherung | <strong>0<\/strong> x Sicherheitswache | <strong>1<\/strong> x Fehlalarm | <strong>2<\/strong> x Andere<\/p>\n<hr \/>\n<p><span style=\"color: #808080;\">Im Jahr <strong>2025<\/strong>&nbsp;waren es insgesamt <strong>146<\/strong> Eins\u00e4tze.<\/span><\/p>\n<p><span style=\"color: #808080;\"><strong>27<\/strong> x Brandeinsatz | <strong>73<\/strong> x Technische Hilfeleistung | <strong>3 <\/strong>x Unterst\u00fctzung Rettungsdienst | <strong>4<\/strong> x First Responder<br \/>\n<strong>11<\/strong> x Brandmeldeanlage (BMA) | <\/span><span style=\"color: #808080;\"><strong>16<\/strong> x Absicherung | <strong>0<\/strong> x Sicherheitswache | <strong>3<\/strong> x Fehlalarm | <strong>9<\/strong> x Andere<br \/>\n<\/span><\/p>\n<hr \/>\n<p><span style=\"color: #999999;\">Im Jahr <strong>2024<\/strong>&nbsp;waren es insgesamt <strong>188<\/strong> Eins\u00e4tze.<\/span><\/p>\n<p><span style=\"color: #999999;\"><strong>31<\/strong> x Brandeinsatz | <strong>111<\/strong> x Technische Hilfeleistung | <strong>6 <\/strong>x Unterst\u00fctzung Rettungsdienst | <strong>9<\/strong> x First Responder<br \/>\n<strong>13<\/strong> x Brandmeldeanlage (BMA) | <\/span><span style=\"color: #808080;\"><span style=\"color: #999999;\"><strong>11<\/strong> x Absicherung | <strong>0<\/strong> x Sicherheitswache | <strong>0<\/strong> x Fehlalarm | <strong>7<\/strong> x Andere<\/span><br \/>\n<\/span><\/p>\n<hr \/>\n<p>Alle Angaben ohne Gew\u00e4hr, sp\u00e4tere Nachbearbeitungen und Korrekturen sind m\u00f6glich.<\/p>\n<\/div>\n<\/div><\/div><\/div><\/div><\/div>","protected":false},"excerpt":{"rendered":"<p>Herzlich willkommen auf unserer Homepage Wir sind rund um die Uhr,&nbsp;365 Tage im Jahr f\u00fcr Sie da &#8230;&nbsp;freiwillig!<\/p>\n","protected":false},"author":1,"featured_media":2594,"parent":0,"menu_order":0,"comment_status":"closed","ping_status":"open","template":"","meta":{"ngg_post_thumbnail":0,"footnotes":""},"class_list":["post-2","page","type-page","status-publish","has-post-thumbnail","hentry"],"jetpack_shortlink":"https:\/\/wp.me\/P90SfJ-2","jetpack_sharing_enabled":true,"_links":{"self":[{"href":"https:\/\/feuerwehr-wolnzach.de\/cms\/wp-json\/wp\/v2\/pages\/2","targetHints":{"allow":["GET"]}}],"collection":[{"href":"https:\/\/feuerwehr-wolnzach.de\/cms\/wp-json\/wp\/v2\/pages"}],"about":[{"href":"https:\/\/feuerwehr-wolnzach.de\/cms\/wp-json\/wp\/v2\/types\/page"}],"author":[{"embeddable":true,"href":"https:\/\/feuerwehr-wolnzach.de\/cms\/wp-json\/wp\/v2\/users\/1"}],"replies":[{"embeddable":true,"href":"https:\/\/feuerwehr-wolnzach.de\/cms\/wp-json\/wp\/v2\/comments?post=2"}],"version-history":[{"count":394,"href":"https:\/\/feuerwehr-wolnzach.de\/cms\/wp-json\/wp\/v2\/pages\/2\/revisions"}],"predecessor-version":[{"id":16016,"href":"https:\/\/feuerwehr-wolnzach.de\/cms\/wp-json\/wp\/v2\/pages\/2\/revisions\/16016"}],"wp:featuredmedia":[{"embeddable":true,"href":"https:\/\/feuerwehr-wolnzach.de\/cms\/wp-json\/wp\/v2\/media\/2594"}],"wp:attachment":[{"href":"https:\/\/feuerwehr-wolnzach.de\/cms\/wp-json\/wp\/v2\/media?parent=2"}],"curies":[{"name":"wp","href":"https:\/\/api.w.org\/{rel}","templated":true}]}}