{"id":2693,"date":"2017-07-27T11:21:10","date_gmt":"2017-07-27T09:21:10","guid":{"rendered":"http:\/\/feuerwehr-wolnzach.de\/cms\/?page_id=2693"},"modified":"2017-12-10T17:06:33","modified_gmt":"2017-12-10T16:06:33","slug":"feierliche-uebergabe-des-neuen-kommandowagens","status":"publish","type":"page","link":"https:\/\/feuerwehr-wolnzach.de\/cms\/feuerwehr\/fahrzeuge\/kommandowagen-kdow\/feierliche-uebergabe-des-neuen-kommandowagens\/","title":{"rendered":"Feierliche \u00dcbergabe des neuen Kommandowagens"},"content":{"rendered":"<p class=\"Stil16\" style=\"text-align: justify;\">26.04.2013 &#8211; \u201eDa ist das Ding!\u201c- Frei nach den Worten eines ber\u00fchmten Torwartes er\u00f6ffnete der Vorstand der Wolnzacher Feuerwehr, Uli Schechinger, die feierliche \u00dcbergabe des neuen Kommandowagens an die Feuerwehr Wolnzach im Feuerwehrger\u00e4tehaus. Er spielte damit auf den lange vorbereiteten und auch notwendigen Ersatz des in die Jahre gekommenen Einsatzleitwagens an.&nbsp;<br \/>\nKommandant Werner Fuchs erl\u00e4uterte anschlie\u00dfend, dass die Feuerwehr Wolnzach nahezu die gesamten Anschaffungskosten in H\u00f6he von 52.000,-\u20ac selbst beschafft hat. Beitr\u00e4ge des Feuerwehrvereins, der Verkaufserl\u00f6s des 13 Jahre alten Vorg\u00e4ngerfahrzeuges an die Feuerwehr Iphofen und eine Spende der Edith-Haberland-Wagner-Stiftung sorgten daf\u00fcr, dass lediglich die Kosten f\u00fcr den Kofferraumausbau und die Winterreifen in H\u00f6he von 4000,-\u20ac die Gemeinde beisteuern musste.&nbsp;<br \/>\nDie technische Ausstattung entspricht dem aktuellsten Stand der Technik und bietet durch den jetzt vorhandenen Allradantrieb und einem Automatikgetriebe mehr Sicherheit f\u00fcr den Fahrer, wenn dieser beispielsweise gleichzeitig den Funk bedienen muss. Gro\u00dfer Wert wurde auf die Signalwirkung gelegt. Die Sondersignalanlage verf\u00fcgt \u00fcber moderne LED Technik, und die Folienbeklebung wurde entsprechend auff\u00e4llig ausgef\u00fchrt.<br \/>\nDas Design der Beklebung wurde von Jonas Mohr von der Feuerwehr Wolnzach selbst kreiert. F\u00fcr den neuen Digitalfunk wurde das Fahrzeug ebenfalls schon entsprechend vorger\u00fcstet.&nbsp;<br \/>\nB\u00fcrgermeister Jens Machold lobte anschlie\u00dfend besonders den professionellen Beschaffungsvorgang durch die Wolnzacher Feuerwehr. \u201eDieser Gemeinschaftsgeist ist absolut vorbildlich\u201c, betonte Machold. \u201eUnd \u00fcber die Notwendigkeit der technischen Ausr\u00fcstung besteht ohnehin kein Zweifel\u201c, so Machold weiter.<br \/>\nPfarrer Braun segnete anschlie\u00dfend den neuen Kommandowagen und w\u00fcnschte allen, die dieses Fahrzeug k\u00fcnftig nutzen, allzeit unfallfreie Fahrt, \u201eauch wenn sie jetzt damit schneller als die Feuerwehr unterwegs sind\u201c, f\u00fcgte er schmunzeln hinzu.<\/p>\n<p style=\"text-align: justify;\"><span class=\"Stil16\">Am Dult-Sonntag, den 05.05.2013 pr\u00e4sentiert die Feuerwehr Wolnzach das Fahrzeug neben anderen Einsatzger\u00e4tschaften der \u00d6ffentlichkeit. An einem Stand bei der Hallertauer Volksbank k\u00f6nnen sich die B\u00fcrger selbst ein Bild von dem neuen Kommandowagen und weiteren, von der Feuerwehr selbst beschafften Ger\u00e4ten, wie zum Beispiel der W\u00e4rmebildkamera machen.<\/span><\/p>\nngg_shortcode_0_placeholder\n<p>&nbsp;<\/p>\n<h2><strong>Beschaffung eines neuen Einsatzleitfahrzeugs<\/strong><\/h2>\n<p class=\"Stil14\" style=\"text-align: justify;\">Feuerwehrverein finanziert neues Einsatzfahrzeug mit einer Spende der M\u00fcnchner Edith-Haberland Wagner Stiftung<\/p>\n<p class=\"Stil16\" style=\"text-align: justify;\">Die M\u00fcnchner Edith-Haberland Wagner Stiftung stellt dem Feuerwehrverein durch eine gro\u00dfz\u00fcgige Spende finanzielle Mittel f\u00fcr die fr\u00fchzeitige Ersatzbeschaffung des Kdow Fahrzeuges zur Verf\u00fcgung.&nbsp; Das vom Verein im Jahr 2000 beschaffte Fahrzeug wird im Februar diesen Jahres durch einen neuen BMW X3 ersetzt. Die f\u00fcr die Beschaffung zus\u00e4tzlich noch notwendigen Mittel stellt der Feuerwehrverein zur Verf\u00fcgung.<\/p>\n<p class=\"Stil16\" style=\"text-align: justify;\">Diese Gelder stammen aus Mitgliedsbeitr\u00e4gen, Spenden von B\u00fcrgern und den Beitr\u00e4gen unserer f\u00f6rdernden Mitglieder.&nbsp; <span class=\"Stil16\">So ist es wieder m\u00f6glich das neue Fahrzeug ohne Beteiligung der Gemeinde zu beschaffen. <\/span><\/p>\n<p class=\"Stil16\" style=\"text-align: justify;\"><span class=\"Stil16\">Die Feuerwehr Wolnzach bedankt sich schon jetzt bei allen die zu dieser Beschaffung mit beigetragen haben.<\/span><\/p>\n<p>&nbsp;<\/p>\n<figure id=\"attachment_2726\" aria-describedby=\"caption-attachment-2726\" style=\"width: 640px\" class=\"wp-caption alignnone\"><img loading=\"lazy\" decoding=\"async\" class=\"wp-image-2726 size-full\" src=\"http:\/\/feuerwehr-wolnzach.de\/cms\/wp-content\/uploads\/2017\/07\/BMW_X3.png\" alt=\"\" width=\"640\" height=\"400\" srcset=\"https:\/\/feuerwehr-wolnzach.de\/cms\/wp-content\/uploads\/2017\/07\/BMW_X3.png 640w, https:\/\/feuerwehr-wolnzach.de\/cms\/wp-content\/uploads\/2017\/07\/BMW_X3-300x188.png 300w\" sizes=\"auto, (max-width: 640px) 100vw, 640px\" \/><figcaption id=\"caption-attachment-2726\" class=\"wp-caption-text\">Bild: Erster Entwurf des neuen Fahrzeuges<\/figcaption><\/figure>\n<h2 class=\"Stil14\">Technische Daten:<\/h2>\n<p class=\"Stil16\">BMW X3 xDrive20d<br \/>\nAusbau: BMW\/Fa. Haberl<br \/>\nEntwurf Beklebung: Jonas Mohr \/ FF Wolnzach<br \/>\nAusf\u00fchrung der Folienbeklebung: Design112&nbsp;<\/p>\n<p>&nbsp;<\/p>\n<p>&nbsp;<\/p>\n<p>&nbsp;<\/p>\n<p>&nbsp;<\/p>\n","protected":false},"excerpt":{"rendered":"<p>26.04.2013 &#8211; \u201eDa ist das Ding!\u201c- Frei nach den Worten eines ber\u00fchmten Torwartes er\u00f6ffnete der Vorstand der Wolnzacher Feuerwehr, Uli Schechinger, die feierliche \u00dcbergabe<\/p>\n<p class=\"link-more\"><a class=\"read-more\" href=\"https:\/\/feuerwehr-wolnzach.de\/cms\/feuerwehr\/fahrzeuge\/kommandowagen-kdow\/feierliche-uebergabe-des-neuen-kommandowagens\/\">weiterlesen<\/a><\/p>\n","protected":false},"author":2,"featured_media":2726,"parent":2482,"menu_order":0,"comment_status":"closed","ping_status":"closed","template":"","meta":{"ngg_post_thumbnail":0,"footnotes":""},"class_list":["post-2693","page","type-page","status-publish","has-post-thumbnail","hentry"],"jetpack_shortlink":"https:\/\/wp.me\/P90SfJ-Hr","jetpack_sharing_enabled":true,"_links":{"self":[{"href":"https:\/\/feuerwehr-wolnzach.de\/cms\/wp-json\/wp\/v2\/pages\/2693","targetHints":{"allow":["GET"]}}],"collection":[{"href":"https:\/\/feuerwehr-wolnzach.de\/cms\/wp-json\/wp\/v2\/pages"}],"about":[{"href":"https:\/\/feuerwehr-wolnzach.de\/cms\/wp-json\/wp\/v2\/types\/page"}],"author":[{"embeddable":true,"href":"https:\/\/feuerwehr-wolnzach.de\/cms\/wp-json\/wp\/v2\/users\/2"}],"replies":[{"embeddable":true,"href":"https:\/\/feuerwehr-wolnzach.de\/cms\/wp-json\/wp\/v2\/comments?post=2693"}],"version-history":[{"count":8,"href":"https:\/\/feuerwehr-wolnzach.de\/cms\/wp-json\/wp\/v2\/pages\/2693\/revisions"}],"predecessor-version":[{"id":6595,"href":"https:\/\/feuerwehr-wolnzach.de\/cms\/wp-json\/wp\/v2\/pages\/2693\/revisions\/6595"}],"up":[{"embeddable":true,"href":"https:\/\/feuerwehr-wolnzach.de\/cms\/wp-json\/wp\/v2\/pages\/2482"}],"wp:featuredmedia":[{"embeddable":true,"href":"https:\/\/feuerwehr-wolnzach.de\/cms\/wp-json\/wp\/v2\/media\/2726"}],"wp:attachment":[{"href":"https:\/\/feuerwehr-wolnzach.de\/cms\/wp-json\/wp\/v2\/media?parent=2693"}],"curies":[{"name":"wp","href":"https:\/\/api.w.org\/{rel}","templated":true}]}}