{"id":5695,"date":"2017-08-21T00:53:36","date_gmt":"2017-08-20T22:53:36","guid":{"rendered":"http:\/\/feuerwehr-wolnzach.de\/cms\/?page_id=5695"},"modified":"2025-11-02T21:19:40","modified_gmt":"2025-11-02T20:19:40","slug":"sonstige-fahrzeuge","status":"publish","type":"page","link":"https:\/\/feuerwehr-wolnzach.de\/cms\/feuerwehr\/fahrzeuge\/sonstige-fahrzeuge\/","title":{"rendered":"Sonstige Fahrzeuge, Anh\u00e4nger und Abrollbeh\u00e4lter"},"content":{"rendered":"<div id=\"pl-5695\"  class=\"panel-layout\" ><div id=\"pg-5695-0\"  class=\"panel-grid panel-no-style\" ><div id=\"pgc-5695-0-0\"  class=\"panel-grid-cell\" ><div id=\"panel-5695-0-0-0\" class=\"so-panel widget widget_sow-editor panel-first-child\" data-index=\"0\" ><div class=\"panel-widget-style panel-widget-style-for-5695-0-0-0\" ><div\n\t\t\t\n\t\t\tclass=\"so-widget-sow-editor so-widget-sow-editor-base\"\n\t\t\t\n\t\t>\n<div class=\"siteorigin-widget-tinymce textwidget\">\n\t<p><img loading=\"lazy\" decoding=\"async\" class=\"aligncenter size-full wp-image-12231\" src=\"https:\/\/feuerwehr-wolnzach.de\/cms\/wp-content\/uploads\/2021\/06\/Wo_Sonstige-scaled.jpg\" alt=\"\" width=\"2560\" height=\"544\" srcset=\"https:\/\/feuerwehr-wolnzach.de\/cms\/wp-content\/uploads\/2021\/06\/Wo_Sonstige-scaled.jpg 2560w, https:\/\/feuerwehr-wolnzach.de\/cms\/wp-content\/uploads\/2021\/06\/Wo_Sonstige-300x64.jpg 300w, https:\/\/feuerwehr-wolnzach.de\/cms\/wp-content\/uploads\/2021\/06\/Wo_Sonstige-1024x218.jpg 1024w, https:\/\/feuerwehr-wolnzach.de\/cms\/wp-content\/uploads\/2021\/06\/Wo_Sonstige-768x163.jpg 768w, https:\/\/feuerwehr-wolnzach.de\/cms\/wp-content\/uploads\/2021\/06\/Wo_Sonstige-1536x326.jpg 1536w, https:\/\/feuerwehr-wolnzach.de\/cms\/wp-content\/uploads\/2021\/06\/Wo_Sonstige-2048x435.jpg 2048w\" sizes=\"auto, (max-width: 2560px) 100vw, 2560px\" \/><\/p>\n<table border=\"0\" width=\"80%\">\n<tbody>\n<tr>\n<td valign=\"top\" width=\"30%\"><span class=\"Stil9\">Anh\u00e4nger P250:<\/span><\/td>\n<td valign=\"top\" width=\"70%\">&nbsp;<\/td>\n<\/tr>\n<tr>\n<td valign=\"top\"><span class=\"Stil9\">Anh\u00e4nger Wasserwerfer:<\/span><\/td>\n<td valign=\"top\">&nbsp;<\/td>\n<\/tr>\n<tr>\n<td valign=\"top\"><span class=\"Stil9\">Anh\u00e4nger VSA:<\/span><\/td>\n<td valign=\"top\">&nbsp;<\/td>\n<\/tr>\n<tr>\n<td valign=\"top\"><span class=\"Stil9\">Anh\u00e4nger LiMa:<\/span><\/td>\n<td valign=\"top\">&nbsp;<\/td>\n<\/tr>\n<tr>\n<td valign=\"top\"><span class=\"Stil9\">Anh\u00e4nger Katastrophenschutz:<\/span><\/td>\n<td valign=\"top\">&nbsp;<\/td>\n<\/tr>\n<tr>\n<td valign=\"top\"><span class=\"Stil9\">Gabelstapler:<\/span><\/td>\n<td valign=\"top\">&nbsp;<\/td>\n<\/tr>\n<\/tbody>\n<\/table>\n<\/div>\n<\/div><\/div><\/div><div id=\"panel-5695-0-0-1\" class=\"so-panel widget widget_sow-editor\" data-index=\"1\" ><div class=\"panel-widget-style panel-widget-style-for-5695-0-0-1\" ><div\n\t\t\t\n\t\t\tclass=\"so-widget-sow-editor so-widget-sow-editor-base\"\n\t\t\t\n\t\t>\n<div class=\"siteorigin-widget-tinymce textwidget\">\n\t<h3>AB-Ladeboden:<\/h3>\n<p><img loading=\"lazy\" decoding=\"async\" class=\"aligncenter size-full wp-image-12230\" src=\"https:\/\/feuerwehr-wolnzach.de\/cms\/wp-content\/uploads\/2021\/06\/Wo_AB-Ladeboden-scaled.jpg\" alt=\"\" width=\"2560\" height=\"1707\" srcset=\"https:\/\/feuerwehr-wolnzach.de\/cms\/wp-content\/uploads\/2021\/06\/Wo_AB-Ladeboden-scaled.jpg 2560w, https:\/\/feuerwehr-wolnzach.de\/cms\/wp-content\/uploads\/2021\/06\/Wo_AB-Ladeboden-300x200.jpg 300w, https:\/\/feuerwehr-wolnzach.de\/cms\/wp-content\/uploads\/2021\/06\/Wo_AB-Ladeboden-1024x683.jpg 1024w, https:\/\/feuerwehr-wolnzach.de\/cms\/wp-content\/uploads\/2021\/06\/Wo_AB-Ladeboden-768x512.jpg 768w, https:\/\/feuerwehr-wolnzach.de\/cms\/wp-content\/uploads\/2021\/06\/Wo_AB-Ladeboden-1536x1024.jpg 1536w, https:\/\/feuerwehr-wolnzach.de\/cms\/wp-content\/uploads\/2021\/06\/Wo_AB-Ladeboden-2048x1365.jpg 2048w, https:\/\/feuerwehr-wolnzach.de\/cms\/wp-content\/uploads\/2021\/06\/Wo_AB-Ladeboden-272x182.jpg 272w\" sizes=\"auto, (max-width: 2560px) 100vw, 2560px\" \/><\/p>\n<\/div>\n<\/div><\/div><\/div><div id=\"panel-5695-0-0-2\" class=\"so-panel widget widget_sow-editor\" data-index=\"2\" ><div class=\"panel-widget-style panel-widget-style-for-5695-0-0-2\" ><div\n\t\t\t\n\t\t\tclass=\"so-widget-sow-editor so-widget-sow-editor-base\"\n\t\t\t\n\t\t>\n<div class=\"siteorigin-widget-tinymce textwidget\">\n\t<h3>AB-Logistik:<\/h3>\nngg_shortcode_0_placeholder\n<h3>&nbsp;<\/h3>\n<\/div>\n<\/div><\/div><\/div><div id=\"panel-5695-0-0-3\" class=\"so-panel widget widget_sow-editor panel-last-child\" data-index=\"3\" ><div class=\"panel-widget-style panel-widget-style-for-5695-0-0-3\" ><div\n\t\t\t\n\t\t\tclass=\"so-widget-sow-editor so-widget-sow-editor-base\"\n\t\t\t\n\t\t>\n<div class=\"siteorigin-widget-tinymce textwidget\">\n\t<h3>AB-Wasser:<\/h3>\nngg_shortcode_1_placeholder\n<\/div>\n<\/div><\/div><\/div><\/div><\/div><\/div>","protected":false},"excerpt":{"rendered":"<p>Anh\u00e4nger P250: &nbsp; Anh\u00e4nger Wasserwerfer: &nbsp; Anh\u00e4nger VSA: &nbsp; Anh\u00e4nger LiMa: &nbsp; Anh\u00e4nger Katastrophenschutz: &nbsp; Gabelstapler: &nbsp; AB-Ladeboden: AB-Logistik: &nbsp; AB-Wasser:<\/p>\n","protected":false},"author":2,"featured_media":12231,"parent":2046,"menu_order":0,"comment_status":"closed","ping_status":"closed","template":"","meta":{"ngg_post_thumbnail":0,"footnotes":""},"class_list":["post-5695","page","type-page","status-publish","has-post-thumbnail","hentry"],"jetpack_shortlink":"https:\/\/wp.me\/P90SfJ-1tR","jetpack_sharing_enabled":true,"_links":{"self":[{"href":"https:\/\/feuerwehr-wolnzach.de\/cms\/wp-json\/wp\/v2\/pages\/5695","targetHints":{"allow":["GET"]}}],"collection":[{"href":"https:\/\/feuerwehr-wolnzach.de\/cms\/wp-json\/wp\/v2\/pages"}],"about":[{"href":"https:\/\/feuerwehr-wolnzach.de\/cms\/wp-json\/wp\/v2\/types\/page"}],"author":[{"embeddable":true,"href":"https:\/\/feuerwehr-wolnzach.de\/cms\/wp-json\/wp\/v2\/users\/2"}],"replies":[{"embeddable":true,"href":"https:\/\/feuerwehr-wolnzach.de\/cms\/wp-json\/wp\/v2\/comments?post=5695"}],"version-history":[{"count":13,"href":"https:\/\/feuerwehr-wolnzach.de\/cms\/wp-json\/wp\/v2\/pages\/5695\/revisions"}],"predecessor-version":[{"id":15775,"href":"https:\/\/feuerwehr-wolnzach.de\/cms\/wp-json\/wp\/v2\/pages\/5695\/revisions\/15775"}],"up":[{"embeddable":true,"href":"https:\/\/feuerwehr-wolnzach.de\/cms\/wp-json\/wp\/v2\/pages\/2046"}],"wp:featuredmedia":[{"embeddable":true,"href":"https:\/\/feuerwehr-wolnzach.de\/cms\/wp-json\/wp\/v2\/media\/12231"}],"wp:attachment":[{"href":"https:\/\/feuerwehr-wolnzach.de\/cms\/wp-json\/wp\/v2\/media?parent=5695"}],"curies":[{"name":"wp","href":"https:\/\/api.w.org\/{rel}","templated":true}]}}