{"id":8439,"date":"2018-01-29T17:29:19","date_gmt":"2018-01-29T16:29:19","guid":{"rendered":"http:\/\/feuerwehr-wolnzach.de\/cms\/?page_id=8439"},"modified":"2018-01-31T13:19:21","modified_gmt":"2018-01-31T12:19:21","slug":"jahreshauptversammlung-der-freiwilligen-feuerwehr-wolnzach","status":"publish","type":"page","link":"https:\/\/feuerwehr-wolnzach.de\/cms\/feuerwehr\/jahreshauptversammlung-der-freiwilligen-feuerwehr-wolnzach\/","title":{"rendered":"Jahreshauptversammlung der Freiwilligen Feuerwehr Wolnzach"},"content":{"rendered":"<p style=\"text-align: justify;\">26.01.2018 \u2013 Am Freitag fand unsere Jahreshauptversammlung im Ger\u00e4tehaus statt. Neben zahlreichen aktiven und passiven Mitgliedern durften wir auch den Landtagsabgeordneten Karl Straub, den 1. B\u00fcrgermeister Jens Machold, den Feuerwehrreferenten Werner Hammerschmidt und mehrere Mitglieder des Gemeinderates sowie Vertreter der lokalen Presse herzlich willkommen hei\u00dfen.<\/p>\n<p><img loading=\"lazy\" decoding=\"async\" class=\"wp-image-8485 alignleft\" src=\"http:\/\/feuerwehr-wolnzach.de\/cms\/wp-content\/uploads\/ngg_featured\/RM5_3205-300x200.jpg\" alt=\"\" width=\"451\" height=\"301\" srcset=\"https:\/\/feuerwehr-wolnzach.de\/cms\/wp-content\/uploads\/ngg_featured\/RM5_3205-300x200.jpg 300w, https:\/\/feuerwehr-wolnzach.de\/cms\/wp-content\/uploads\/ngg_featured\/RM5_3205-768x512.jpg 768w, https:\/\/feuerwehr-wolnzach.de\/cms\/wp-content\/uploads\/ngg_featured\/RM5_3205-272x182.jpg 272w, https:\/\/feuerwehr-wolnzach.de\/cms\/wp-content\/uploads\/ngg_featured\/RM5_3205.jpg 1000w\" sizes=\"auto, (max-width: 451px) 100vw, 451px\" \/><\/p>\n<p style=\"text-align: justify;\">Das Jahr 2017 war wieder ein einsatzreiches Jahr. Insgesamt 167 Mal war die Wolnzacher Wehr gefordert. Wie auch in den vergangenen Jahren, waren technische Hilfeleistungen, speziell Verkehrsunf\u00e4lle, dabei am h\u00e4ufigsten vertreten. Die zweith\u00e4ufigste Alarmierung ging von Brandmeldeanlagen aus.<\/p>\n<p style=\"text-align: justify;\">Es konnten neun Personen aus verschiedenen Notlagen befreit werden. Leider waren aber auch f\u00fcnf Todesopfer zu beklagen, bei denen jede Hilfe zu sp\u00e4t kam.<\/p>\n<p style=\"text-align: justify;\">Neben den Eins\u00e4tzen wurde selbstverst\u00e4ndlich auch reichlich f\u00fcr den Ernstfall ge\u00fcbt. Daf\u00fcr wurden bei 72 Terminen \u00fcber 1.500 \u00dcbungsstunden erfasst.<\/p>\n<p style=\"text-align: justify;\">Nat\u00fcrlich kam auch das Vereinsleben nicht zu kurz. Bei mehreren Veranstaltungen f\u00fcr die Mitglieder und auch deren Familien standen Spa\u00df und die Gemeinschaft im Vordergrund. Das gr\u00f6\u00dfte Ereignis im vergangenen Jahr war sicher der \u201eTag der offenen T\u00fcr\u201c. Der sehr gro\u00dfe Aufwand f\u00fcr Planung und Durchf\u00fchrung wurde aber mit einem durchwegs erfolgreichen Tag mit ca. 1.000 Besuchern mehr als belohnt.<\/p>\n<p style=\"text-align: justify;\">Auch die Jugendarbeit muss lobend erw\u00e4hnt werden. Sowohl&nbsp;die neuen Jugendwarte als auch die zehnk\u00f6pfige Jugendgruppe waren das ganze Jahr \u00fcber mit sehr viel Eifer bei der Sache. Und die Jugendfeuerwehr ist und bleibt das Herzst\u00fcck unserer Nachwuchsarbeit.<\/p>\n<p style=\"text-align: justify;\">Zum Abschluss gab es noch einige Ehrungen und Bef\u00f6rderungen. Dies waren:<\/p>\n<ul style=\"text-align: justify;\">\n<li>Ehrung f\u00fcr 15 Jahre Vereinszugeh\u00f6rigkeit: Simon Binder, Julia Mirlach, Andreas Neuhauser und Benedikt Schmidt<\/li>\n<li>Ehrung f\u00fcr 30 Jahre Vereinszugeh\u00f6rigkeit: Werner Fuchs und Rudi Kollmannsberger<\/li>\n<li>Bef\u00f6rderung zum Oberfeuerwehrmann: Thomas Eberl<\/li>\n<li>Bef\u00f6rderung zum Hauptfeuerwehrmann: J\u00fcrgen Br\u00fcstl, Rudi Kollmannsberger und Kevin Laukant<\/li>\n<li>\u00dcbernahmen in den aktiven Dienst: Michael Neuh\u00e4user und Christian Zwick.<\/li>\n<\/ul>\n<p>F\u00fcr weitere Informationen steht der Jahresbericht als PDF zum <a href=\"http:\/\/feuerwehr-wolnzach.de\/cms\/wp-content\/uploads\/2018\/01\/Jahresbericht-2017.pdf\" target=\"_blank\" rel=\"noopener\">Download<\/a> zur Verf\u00fcgung.<\/p>\n<p>-tk-<\/p>\n<p><img loading=\"lazy\" decoding=\"async\" class=\"ngg-singlepic ngg-none aligncenter\" src=\"http:\/\/feuerwehr-wolnzach.de\/cms\/wp-content\/gallery\/jhv-2018\/RM5_3232.jpg\" alt=\"RM5_3232\" width=\"700\" height=\"467\"><\/p>\n<p><img loading=\"lazy\" decoding=\"async\" class=\"ngg-singlepic ngg-center aligncenter\" src=\"http:\/\/feuerwehr-wolnzach.de\/cms\/wp-content\/gallery\/jhv-2018\/RM5_3240.jpg\" alt=\"RM5_3240\" width=\"700\" height=\"467\"><\/p>\n<p style=\"text-align: center;\">&nbsp;<\/p>\n","protected":false},"excerpt":{"rendered":"<p>26.01.2018 \u2013 Am Freitag fand unsere Jahreshauptversammlung im Ger\u00e4tehaus statt. Neben zahlreichen aktiven und passiven Mitgliedern durften wir auch den Landtagsabgeordneten Karl Straub, den<\/p>\n<p class=\"link-more\"><a class=\"read-more\" href=\"https:\/\/feuerwehr-wolnzach.de\/cms\/feuerwehr\/jahreshauptversammlung-der-freiwilligen-feuerwehr-wolnzach\/\">weiterlesen<\/a><\/p>\n","protected":false},"author":2,"featured_media":8482,"parent":2040,"menu_order":0,"comment_status":"closed","ping_status":"closed","template":"","meta":{"ngg_post_thumbnail":0,"footnotes":""},"class_list":["post-8439","page","type-page","status-publish","has-post-thumbnail","hentry"],"jetpack_shortlink":"https:\/\/wp.me\/P90SfJ-2c7","jetpack_sharing_enabled":true,"_links":{"self":[{"href":"https:\/\/feuerwehr-wolnzach.de\/cms\/wp-json\/wp\/v2\/pages\/8439","targetHints":{"allow":["GET"]}}],"collection":[{"href":"https:\/\/feuerwehr-wolnzach.de\/cms\/wp-json\/wp\/v2\/pages"}],"about":[{"href":"https:\/\/feuerwehr-wolnzach.de\/cms\/wp-json\/wp\/v2\/types\/page"}],"author":[{"embeddable":true,"href":"https:\/\/feuerwehr-wolnzach.de\/cms\/wp-json\/wp\/v2\/users\/2"}],"replies":[{"embeddable":true,"href":"https:\/\/feuerwehr-wolnzach.de\/cms\/wp-json\/wp\/v2\/comments?post=8439"}],"version-history":[{"count":19,"href":"https:\/\/feuerwehr-wolnzach.de\/cms\/wp-json\/wp\/v2\/pages\/8439\/revisions"}],"predecessor-version":[{"id":8503,"href":"https:\/\/feuerwehr-wolnzach.de\/cms\/wp-json\/wp\/v2\/pages\/8439\/revisions\/8503"}],"up":[{"embeddable":true,"href":"https:\/\/feuerwehr-wolnzach.de\/cms\/wp-json\/wp\/v2\/pages\/2040"}],"wp:featuredmedia":[{"embeddable":true,"href":"https:\/\/feuerwehr-wolnzach.de\/cms\/wp-json\/wp\/v2\/media\/8482"}],"wp:attachment":[{"href":"https:\/\/feuerwehr-wolnzach.de\/cms\/wp-json\/wp\/v2\/media?parent=8439"}],"curies":[{"name":"wp","href":"https:\/\/api.w.org\/{rel}","templated":true}]}}