{"id":8744,"date":"2018-03-17T17:12:06","date_gmt":"2018-03-17T16:12:06","guid":{"rendered":"http:\/\/feuerwehr-wolnzach.de\/cms\/?page_id=8744"},"modified":"2018-03-20T21:56:10","modified_gmt":"2018-03-20T20:56:10","slug":"ramadama","status":"publish","type":"page","link":"https:\/\/feuerwehr-wolnzach.de\/cms\/verein\/ramadama\/","title":{"rendered":"Ramadama"},"content":{"rendered":"<p>17.03.2018 &#8211; Ramadama, oder auch \u201eR\u00e4umen tun wir!\u201c genannt<\/p>\n<p style=\"text-align: justify;\">Und genau das taten heute viele Vereine freiwillig und ehrenamtlich in ganz Bayern. Unsere wilden 13 der Freiwilligen Feuerwehr Wolnzach lie\u00dfen es sich ebenfalls nicht nehmen, dabei mit vollem Eifer mitzuwirken und aufzur\u00e4umen. Unser Einsatzgebiet war wie jedes Jahr, der Bahnerberg zwischen Rohrbach und Wolnzach.<br \/>\nMan glaubt es nicht, was sich dabei so alles ansammelt. Von einem vollen Sack mit gebrauchten Windeln (bereits seit 3 Jahren, i<span class=\"text_exposed_show\">mmer an derselben Stelle aufzufinden), \u00fcber Schmuddelhefte und Bierflaschen, bis hin zu Fastfoodt\u00fcten und Schnapsflaschen, war alles dabei. Eben alles, was sich schnell durchs Fahrzeugfenster entsorgen l\u00e4sst.<\/span><\/p>\n<div class=\"text_exposed_show\">\n<p style=\"text-align: justify;\">Ein besonderer Dank geht dabei an unsere Jugendfeuerwehrler, ohne Euch h\u00e4tten wir das nicht auf die Beine stellen k\u00f6nnen!<\/p>\n<p>-rm-<\/p>\n<p style=\"text-align: right;\"><a href=\"http:\/\/feuerwehr-wolnzach.de\/cms\/jugendfeuerwehr\/wir-machen-das\/\">Weiter zu einem kurzen Bericht mit Fotos der Jugendfeuerwehr, geschrieben von Simon Eberl<\/a><\/p>\n<figure id=\"attachment_8757\" aria-describedby=\"caption-attachment-8757\" style=\"width: 3999px\" class=\"wp-caption aligncenter\"><a href=\"http:\/\/feuerwehr-wolnzach.de\/cms\/wp-content\/uploads\/2018\/03\/IMGL9286.jpg\" target=\"_blank\" rel=\"noopener\"><img loading=\"lazy\" decoding=\"async\" class=\"wp-image-8757 size-full\" src=\"http:\/\/feuerwehr-wolnzach.de\/cms\/wp-content\/uploads\/2018\/03\/IMGL9286.jpg\" alt=\"\" width=\"3999\" height=\"2666\" srcset=\"https:\/\/feuerwehr-wolnzach.de\/cms\/wp-content\/uploads\/2018\/03\/IMGL9286.jpg 3999w, https:\/\/feuerwehr-wolnzach.de\/cms\/wp-content\/uploads\/2018\/03\/IMGL9286-300x200.jpg 300w, https:\/\/feuerwehr-wolnzach.de\/cms\/wp-content\/uploads\/2018\/03\/IMGL9286-768x512.jpg 768w, https:\/\/feuerwehr-wolnzach.de\/cms\/wp-content\/uploads\/2018\/03\/IMGL9286-1024x683.jpg 1024w, https:\/\/feuerwehr-wolnzach.de\/cms\/wp-content\/uploads\/2018\/03\/IMGL9286-272x182.jpg 272w\" sizes=\"auto, (max-width: 3999px) 100vw, 3999px\" \/><\/a><figcaption id=\"caption-attachment-8757\" class=\"wp-caption-text\">Foto: FF Wolnzach -rm-<\/figcaption><\/figure>\n<\/div>\n","protected":false},"excerpt":{"rendered":"<p>17.03.2018 &#8211; Ramadama, oder auch \u201eR\u00e4umen tun wir!\u201c genannt Und genau das taten heute viele Vereine freiwillig und ehrenamtlich in ganz Bayern. Unsere wilden<\/p>\n<p class=\"link-more\"><a class=\"read-more\" href=\"https:\/\/feuerwehr-wolnzach.de\/cms\/verein\/ramadama\/\">weiterlesen<\/a><\/p>\n","protected":false},"author":2,"featured_media":8745,"parent":2058,"menu_order":0,"comment_status":"closed","ping_status":"closed","template":"","meta":{"ngg_post_thumbnail":0,"footnotes":""},"class_list":["post-8744","page","type-page","status-publish","has-post-thumbnail","hentry"],"jetpack_shortlink":"https:\/\/wp.me\/P90SfJ-2h2","jetpack_sharing_enabled":true,"_links":{"self":[{"href":"https:\/\/feuerwehr-wolnzach.de\/cms\/wp-json\/wp\/v2\/pages\/8744","targetHints":{"allow":["GET"]}}],"collection":[{"href":"https:\/\/feuerwehr-wolnzach.de\/cms\/wp-json\/wp\/v2\/pages"}],"about":[{"href":"https:\/\/feuerwehr-wolnzach.de\/cms\/wp-json\/wp\/v2\/types\/page"}],"author":[{"embeddable":true,"href":"https:\/\/feuerwehr-wolnzach.de\/cms\/wp-json\/wp\/v2\/users\/2"}],"replies":[{"embeddable":true,"href":"https:\/\/feuerwehr-wolnzach.de\/cms\/wp-json\/wp\/v2\/comments?post=8744"}],"version-history":[{"count":9,"href":"https:\/\/feuerwehr-wolnzach.de\/cms\/wp-json\/wp\/v2\/pages\/8744\/revisions"}],"predecessor-version":[{"id":8771,"href":"https:\/\/feuerwehr-wolnzach.de\/cms\/wp-json\/wp\/v2\/pages\/8744\/revisions\/8771"}],"up":[{"embeddable":true,"href":"https:\/\/feuerwehr-wolnzach.de\/cms\/wp-json\/wp\/v2\/pages\/2058"}],"wp:featuredmedia":[{"embeddable":true,"href":"https:\/\/feuerwehr-wolnzach.de\/cms\/wp-json\/wp\/v2\/media\/8745"}],"wp:attachment":[{"href":"https:\/\/feuerwehr-wolnzach.de\/cms\/wp-json\/wp\/v2\/media?parent=8744"}],"curies":[{"name":"wp","href":"https:\/\/api.w.org\/{rel}","templated":true}]}}