{"id":8753,"date":"2018-03-20T21:36:55","date_gmt":"2018-03-20T20:36:55","guid":{"rendered":"http:\/\/feuerwehr-wolnzach.de\/cms\/?page_id=8753"},"modified":"2018-03-20T21:53:36","modified_gmt":"2018-03-20T20:53:36","slug":"wir-machen-das","status":"publish","type":"page","link":"https:\/\/feuerwehr-wolnzach.de\/cms\/jugendfeuerwehr\/wir-machen-das\/","title":{"rendered":"Wir machen das!"},"content":{"rendered":"<p style=\"text-align: justify;\">Am Samstag den 17.03.18 hat sich die Jugendgruppe zum&nbsp;allj\u00e4hrlichen \u201eRamadama\u201c versammelt.&nbsp;<\/p>\n<p style=\"text-align: justify;\">Hierzu hat sich die Jugendgruppe in der Fr\u00fch um halb neun im Spritzenhaus getroffen um alles vorzubereiten.&nbsp;<\/p>\n<p style=\"text-align: justify;\">Gegen neun Uhr sind wir dann zum Bauhof gefahren und haben unser Einsatzgebiet erfahren. Danach sind wir mit unserem Wechselladerfahrzeug und unserem Mehrzweckfahrzeug zum \u201eBahnerberg\u201c gefahren um die Hinterlassenschaften der nicht umweltbewussten Menschen zu beseitigen. Nach getaner Arbeit fuhren wir zur Mittagszeit zum Bauhof wo es eine deftige Brotzeit f\u00fcr uns alle gab. Voll gest\u00e4rkt s\u00e4uberten wir noch unsere Fahrzeuge im Ger\u00e4tehaus.<\/p>\n<p style=\"text-align: justify;\">-se-<\/p>\nngg_shortcode_0_placeholder\n","protected":false},"excerpt":{"rendered":"<p>Am Samstag den 17.03.18 hat sich die Jugendgruppe zum&nbsp;allj\u00e4hrlichen \u201eRamadama\u201c versammelt.&nbsp; Hierzu hat sich die Jugendgruppe in der Fr\u00fch um halb neun im Spritzenhaus<\/p>\n<p class=\"link-more\"><a class=\"read-more\" href=\"https:\/\/feuerwehr-wolnzach.de\/cms\/jugendfeuerwehr\/wir-machen-das\/\">weiterlesen<\/a><\/p>\n","protected":false},"author":2,"featured_media":8757,"parent":2067,"menu_order":0,"comment_status":"closed","ping_status":"closed","template":"","meta":{"ngg_post_thumbnail":0,"footnotes":""},"class_list":["post-8753","page","type-page","status-publish","has-post-thumbnail","hentry"],"jetpack_shortlink":"https:\/\/wp.me\/P90SfJ-2hb","jetpack_sharing_enabled":true,"_links":{"self":[{"href":"https:\/\/feuerwehr-wolnzach.de\/cms\/wp-json\/wp\/v2\/pages\/8753","targetHints":{"allow":["GET"]}}],"collection":[{"href":"https:\/\/feuerwehr-wolnzach.de\/cms\/wp-json\/wp\/v2\/pages"}],"about":[{"href":"https:\/\/feuerwehr-wolnzach.de\/cms\/wp-json\/wp\/v2\/types\/page"}],"author":[{"embeddable":true,"href":"https:\/\/feuerwehr-wolnzach.de\/cms\/wp-json\/wp\/v2\/users\/2"}],"replies":[{"embeddable":true,"href":"https:\/\/feuerwehr-wolnzach.de\/cms\/wp-json\/wp\/v2\/comments?post=8753"}],"version-history":[{"count":5,"href":"https:\/\/feuerwehr-wolnzach.de\/cms\/wp-json\/wp\/v2\/pages\/8753\/revisions"}],"predecessor-version":[{"id":8769,"href":"https:\/\/feuerwehr-wolnzach.de\/cms\/wp-json\/wp\/v2\/pages\/8753\/revisions\/8769"}],"up":[{"embeddable":true,"href":"https:\/\/feuerwehr-wolnzach.de\/cms\/wp-json\/wp\/v2\/pages\/2067"}],"wp:featuredmedia":[{"embeddable":true,"href":"https:\/\/feuerwehr-wolnzach.de\/cms\/wp-json\/wp\/v2\/media\/8757"}],"wp:attachment":[{"href":"https:\/\/feuerwehr-wolnzach.de\/cms\/wp-json\/wp\/v2\/media?parent=8753"}],"curies":[{"name":"wp","href":"https:\/\/api.w.org\/{rel}","templated":true}]}}

<p style="text-align: justify;">Am Samstag den 17.03.18 hat sich die Jugendgruppe zum&nbsp;alljährlichen „Ramadama“ versammelt.&nbsp;</p>
<p style="text-align: justify;">Hierzu hat sich die Jugendgruppe in der Früh um halb neun im Spritzenhaus getroffen um alles vorzubereiten.&nbsp;</p>
<p style="text-align: justify;">Gegen neun Uhr sind wir dann zum Bauhof gefahren und haben unser Einsatzgebiet erfahren. Danach sind wir mit unserem Wechselladerfahrzeug und unserem Mehrzweckfahrzeug zum „Bahnerberg“ gefahren um die Hinterlassenschaften der nicht umweltbewussten Menschen zu beseitigen. Nach getaner Arbeit fuhren wir zur Mittagszeit zum Bauhof wo es eine deftige Brotzeit für uns alle gab. Voll gestärkt säuberten wir noch unsere Fahrzeuge im Gerätehaus.</p>
<p style="text-align: justify;">-se-</p>
ngg_shortcode_0_placeholder

<p>Am Samstag den 17.03.18 hat sich die Jugendgruppe zum&nbsp;alljährlichen „Ramadama“ versammelt.&nbsp; Hierzu hat sich die Jugendgruppe in der Früh um halb neun im Spritzenhaus</p>
<p class="link-more"><a class="read-more" href="https://feuerwehr-wolnzach.de/cms/jugendfeuerwehr/wir-machen-das/">weiterlesen</a></p>
